{"id":55967,"date":"2024-05-21T13:28:56","date_gmt":"2024-05-21T11:28:56","guid":{"rendered":"https:\/\/soib.es\/nivells-qualificacio-especialitats-formatives-i-idiomes-mcerl\/"},"modified":"2024-05-22T10:26:15","modified_gmt":"2024-05-22T08:26:15","slug":"nivells-qualificacio-especialitats-formatives-i-idiomes-mcerl","status":"publish","type":"page","link":"https:\/\/soib.es\/es\/nivells-qualificacio-especialitats-formatives-i-idiomes-mcerl\/","title":{"rendered":"Niveles de cualificaci\u00f3n especialidades formativas e idiomas MCERL"},"content":{"rendered":"<p>[et_pb_section fb_built=\u00bb1&#8243; _builder_version=\u00bb4.16&#8243; background_color=\u00bb#f7f7f7&#8243; custom_padding=\u00bb25px|0px|25px|0px\u00bb global_colors_info=\u00bb{}\u00bb][et_pb_row column_structure=\u00bb1_2,1_2&#8243; _builder_version=\u00bb4.16&#8243; custom_padding=\u00bb27px|0px|18px|0px\u00bb global_colors_info=\u00bb{}\u00bb][et_pb_column type=\u00bb1_2&#8243; _builder_version=\u00bb4.16&#8243; custom_padding=\u00bb|||\u00bb global_colors_info=\u00bb{}\u00bb custom_padding__hover=\u00bb|||\u00bb][\/et_pb_column][et_pb_column type=\u00bb1_2&#8243; _builder_version=\u00bb4.16&#8243; custom_padding=\u00bb|||\u00bb global_colors_info=\u00bb{}\u00bb custom_padding__hover=\u00bb|||\u00bb][\/et_pb_column][\/et_pb_row][\/et_pb_section][et_pb_section fb_built=\u00bb1&#8243; _builder_version=\u00bb4.16&#8243; custom_padding=\u00bb20px|0px|54px|0px\u00bb global_colors_info=\u00bb{}\u00bb][et_pb_row column_structure=\u00bb1_2,1_2&#8243; _builder_version=\u00bb4.16&#8243; global_colors_info=\u00bb{}\u00bb][et_pb_column type=\u00bb1_2&#8243; _builder_version=\u00bb4.16&#8243; custom_padding=\u00bb|||\u00bb global_colors_info=\u00bb{}\u00bb custom_padding__hover=\u00bb|||\u00bb][et_pb_text _builder_version=\u00bb4.23.1&#8243; global_colors_info=\u00bb{}\u00bb]<\/p>\n<h2><strong>Niveles de cualificaci\u00f3n de especialidades formativas<\/strong><\/h2>\n<p>[\/et_pb_text][et_pb_text _builder_version=\u00bb4.23.1&#8243; global_colors_info=\u00bb{}\u00bb]<\/p>\n<h5><strong>Nivel 1<\/strong><\/h5>\n<p>Competencia en un conjunto reducido de actividades de trabajo relativamente simples correspondientes a procesos normalizados, donde los conocimientos te\u00f3ricos y las capacidades pr\u00e1cticas para aplicar son limitados.<\/p>\n<h5><strong>Nivel 2<\/strong><\/h5>\n<p>Compet\u00e8ncia en un conjunto de actividades profesionales bien determinadas con la capacidad de utilizar los instrumentos y las t\u00e9cnicas propias, que concierne principalmente a un trabajo de ejecuci\u00f3n que puede ser aut\u00f3nomo en el l\u00edmite de dichas t\u00e9cnicas. Requiere conocimientos de los fundamentos t\u00e9cnicos y cient\u00edficos de su actividad y capacidades de comprensi\u00f3n y aplicaci\u00f3n del proceso.<\/p>\n<h5><strong>Nivel 3<\/strong><\/h5>\n<p>Competencia en un conjunto de actividades profesionales que requieren el dominio de diversas t\u00e9cnicas y puede ser ejecutado de manera aut\u00f3noma, conlleva responsabilidad de coordinaci\u00f3n y supervisi\u00f3n de trabajo t\u00e9cnico y especializado. Exige la comprensi\u00f3n de los fundamentos t\u00e9cnicos y cient\u00edficos de las actividades y la evaluaci\u00f3n de los factores del proceso y de sus repercusiones econ\u00f3micas.<\/p>\n<h5><strong>Nivel 4<\/strong><\/h5>\n<p>Competencia en un conjunto amplio de actividades profesionales complejas realizadas en una gran variedad de contextos que requieren conjugar variables de tipo t\u00e9cnico, cient\u00edfico, econ\u00f3mico u organizativo para planificar acciones, definir o desarrollar proyectos, procesos, productos o servicios.<\/p>\n<h5><strong>Nivel 5<\/strong><\/h5>\n<p>Competencia en un conjunto amplio de actividades profesionales de gran complejidad realizados en diversos contextos a menudo impredecibles que implica planificar acciones o idear productos, procesos o servicios. Gran autonom\u00eda personal. Responsabilidad frecuente en la asignaci\u00f3n de recursos, en el an\u00e1lisis, el diagn\u00f3stico, el dise\u00f1o, la planificaci\u00f3n, la ejecuci\u00f3n y la evaluaci\u00f3n.[\/et_pb_text][\/et_pb_column][et_pb_column type=\u00bb1_2&#8243; _builder_version=\u00bb4.16&#8243; custom_padding=\u00bb|||\u00bb global_colors_info=\u00bb{}\u00bb custom_padding__hover=\u00bb|||\u00bb][et_pb_text _builder_version=\u00bb4.23.1&#8243; global_colors_info=\u00bb{}\u00bb]<\/p>\n<h2><strong>Niveles de idiomas del MCERL (Marco Com\u00fan Europeo de Referencia de las Lenguas)<\/strong><\/h2>\n<p>[\/et_pb_text][et_pb_text _builder_version=\u00bb4.23.1&#8243; global_colors_info=\u00bb{}\u00bb]<\/p>\n<h5><strong>Nivel A1<\/strong> (nivel inicial)<\/h5>\n<p>Puede comunicarse a nivel elemental para satisfacer sus necesidades con f\u00f3rmulas fijas; puede mantener una conversaci\u00f3n sencilla sobre temas personales si el interlocutor le ayuda.<\/p>\n<h5><strong>Nivel A2<\/strong> (nivel b\u00e1sico)<\/h5>\n<p>Puede entender y expresar ideas sobre los temas m\u00e1s cercanos y comunicarse en un viaje para satisfacer sus necesidades.<\/p>\n<h5><strong>Nivel B1<\/strong> (nivel umbral)<\/h5>\n<p>Puede desenvolverse con \u00e9xito en la mayor\u00eda de situaciones cotidianas y describir experiencias y deseos, as\u00ed como expresar su opini\u00f3n sobre cuestiones pr\u00f3ximas.<\/p>\n<h5><strong>Nivel B2<\/strong> (nivel avanzado)<\/h5>\n<p>Puede entender la mayor\u00eda de textos y mantener conversaciones con fluidez sin esfuerzos por parte del interlocutor.<\/p>\n<h5><strong>Nivel C1<\/strong> (nivel funcional)<\/h5>\n<p>Puede tener \u00e9xito en casi todos los intercambios comunicativos, entiende el doble sentido y el trasfondo cultural del idioma, puede trabajar en la lengua extranjera.<\/p>\n<h5><strong>Nivel C2<\/strong> (nivel de dominio)<\/h5>\n<p>Su correcci\u00f3n es parecida a la de un nativo medio.<\/p>\n<p>[\/et_pb_text][\/et_pb_column][\/et_pb_row][et_pb_row _builder_version=\u00bb4.23.1&#8243; hover_enabled=\u00bb0&#8243; global_colors_info=\u00bb{}\u00bb custom_margin=\u00bb30px||||false|false\u00bb sticky_enabled=\u00bb0&#8243;][et_pb_column type=\u00bb4_4&#8243; _builder_version=\u00bb4.16&#8243; custom_padding=\u00bb|||\u00bb global_colors_info=\u00bb{}\u00bb custom_padding__hover=\u00bb|||\u00bb][et_pb_text _builder_version=\u00bb4.23.1&#8243; global_colors_info=\u00bb{}\u00bb]<\/p>\n<h3 style=\"color: #e01f4e;\"><span style=\"color: #333333;\"><strong>Requisitos de acceso<\/strong><\/span><\/h3>\n<p>Los requisitos que el alumnado debe reunir para acceder a la formaci\u00f3n los encontrar\u00e9is en el programa formativo de cada especialidad. El programa formativo est\u00e1 ubicado en el apartado de documentos.[\/et_pb_text][\/et_pb_column][\/et_pb_row][\/et_pb_section]<\/p>\n","protected":false},"excerpt":{"rendered":"<p>Niveles de cualificaci\u00f3n de especialidades formativasNivel 1 Competencia en un conjunto reducido de actividades de trabajo relativamente simples correspondientes a procesos normalizados, donde los conocimientos te\u00f3ricos y las capacidades pr\u00e1cticas para aplicar son limitados. Nivel 2 Compet\u00e8ncia en un conjunto de actividades profesionales bien determinadas con la capacidad de utilizar los instrumentos y las t\u00e9cnicas [&hellip;]<\/p>\n","protected":false},"author":13,"featured_media":0,"parent":0,"menu_order":0,"comment_status":"closed","ping_status":"closed","template":"","meta":{"_et_pb_use_builder":"on","_et_pb_old_content":"","_et_gb_content_width":"","footnotes":"","_links_to":"","_links_to_target":""},"class_list":["post-55967","page","type-page","status-publish","hentry"],"publishpress_future_action":{"enabled":false,"date":"2026-05-07 01:42:27","action":"change-status","newStatus":"draft","terms":[],"taxonomy":"translation_priority","extraData":[]},"publishpress_future_workflow_manual_trigger":{"enabledWorkflows":[]},"_links":{"self":[{"href":"https:\/\/soib.es\/es\/wp-json\/wp\/v2\/pages\/55967","targetHints":{"allow":["GET"]}}],"collection":[{"href":"https:\/\/soib.es\/es\/wp-json\/wp\/v2\/pages"}],"about":[{"href":"https:\/\/soib.es\/es\/wp-json\/wp\/v2\/types\/page"}],"author":[{"embeddable":true,"href":"https:\/\/soib.es\/es\/wp-json\/wp\/v2\/users\/13"}],"replies":[{"embeddable":true,"href":"https:\/\/soib.es\/es\/wp-json\/wp\/v2\/comments?post=55967"}],"version-history":[{"count":0,"href":"https:\/\/soib.es\/es\/wp-json\/wp\/v2\/pages\/55967\/revisions"}],"wp:attachment":[{"href":"https:\/\/soib.es\/es\/wp-json\/wp\/v2\/media?parent=55967"}],"curies":[{"name":"wp","href":"https:\/\/api.w.org\/{rel}","templated":true}]}}

Niveles de cualificación especialidades formativas e idiomas MCERL

<p>[et_pb_section fb_built=»1&#8243; _builder_version=»4.16&#8243; background_color=»#f7f7f7&#8243; custom_padding=»25px|0px|25px|0px» global_colors_info=»{}»][et_pb_row column_structure=»1_2,1_2&#8243; _builder_version=»4.16&#8243; custom_padding=»27px|0px|18px|0px» global_colors_info=»{}»][et_pb_column type=»1_2&#8243; _builder_version=»4.16&#8243; custom_padding=»|||» global_colors_info=»{}» custom_padding__hover=»|||»][/et_pb_column][et_pb_column type=»1_2&#8243; _builder_version=»4.16&#8243; custom_padding=»|||» global_colors_info=»{}» custom_padding__hover=»|||»][/et_pb_column][/et_pb_row][/et_pb_section][et_pb_section fb_built=»1&#8243; _builder_version=»4.16&#8243; custom_padding=»20px|0px|54px|0px» global_colors_info=»{}»][et_pb_row column_structure=»1_2,1_2&#8243; _builder_version=»4.16&#8243; global_colors_info=»{}»][et_pb_column type=»1_2&#8243; _builder_version=»4.16&#8243; custom_padding=»|||» global_colors_info=»{}» custom_padding__hover=»|||»][et_pb_text _builder_version=»4.23.1&#8243; global_colors_info=»{}»]</p>
<h2><strong>Niveles de cualificación de especialidades formativas</strong></h2>
<p>[/et_pb_text][et_pb_text _builder_version=»4.23.1&#8243; global_colors_info=»{}»]</p>
<h5><strong>Nivel 1</strong></h5>
<p>Competencia en un conjunto reducido de actividades de trabajo relativamente simples correspondientes a procesos normalizados, donde los conocimientos teóricos y las capacidades prácticas para aplicar son limitados.</p>
<h5><strong>Nivel 2</strong></h5>
<p>Competència en un conjunto de actividades profesionales bien determinadas con la capacidad de utilizar los instrumentos y las técnicas propias, que concierne principalmente a un trabajo de ejecución que puede ser autónomo en el límite de dichas técnicas. Requiere conocimientos de los fundamentos técnicos y científicos de su actividad y capacidades de comprensión y aplicación del proceso.</p>
<h5><strong>Nivel 3</strong></h5>
<p>Competencia en un conjunto de actividades profesionales que requieren el dominio de diversas técnicas y puede ser ejecutado de manera autónoma, conlleva responsabilidad de coordinación y supervisión de trabajo técnico y especializado. Exige la comprensión de los fundamentos técnicos y científicos de las actividades y la evaluación de los factores del proceso y de sus repercusiones económicas.</p>
<h5><strong>Nivel 4</strong></h5>
<p>Competencia en un conjunto amplio de actividades profesionales complejas realizadas en una gran variedad de contextos que requieren conjugar variables de tipo técnico, científico, económico u organizativo para planificar acciones, definir o desarrollar proyectos, procesos, productos o servicios.</p>
<h5><strong>Nivel 5</strong></h5>
<p>Competencia en un conjunto amplio de actividades profesionales de gran complejidad realizados en diversos contextos a menudo impredecibles que implica planificar acciones o idear productos, procesos o servicios. Gran autonomía personal. Responsabilidad frecuente en la asignación de recursos, en el análisis, el diagnóstico, el diseño, la planificación, la ejecución y la evaluación.[/et_pb_text][/et_pb_column][et_pb_column type=»1_2&#8243; _builder_version=»4.16&#8243; custom_padding=»|||» global_colors_info=»{}» custom_padding__hover=»|||»][et_pb_text _builder_version=»4.23.1&#8243; global_colors_info=»{}»]</p>
<h2><strong>Niveles de idiomas del MCERL (Marco Común Europeo de Referencia de las Lenguas)</strong></h2>
<p>[/et_pb_text][et_pb_text _builder_version=»4.23.1&#8243; global_colors_info=»{}»]</p>
<h5><strong>Nivel A1</strong> (nivel inicial)</h5>
<p>Puede comunicarse a nivel elemental para satisfacer sus necesidades con fórmulas fijas; puede mantener una conversación sencilla sobre temas personales si el interlocutor le ayuda.</p>
<h5><strong>Nivel A2</strong> (nivel básico)</h5>
<p>Puede entender y expresar ideas sobre los temas más cercanos y comunicarse en un viaje para satisfacer sus necesidades.</p>
<h5><strong>Nivel B1</strong> (nivel umbral)</h5>
<p>Puede desenvolverse con éxito en la mayoría de situaciones cotidianas y describir experiencias y deseos, así como expresar su opinión sobre cuestiones próximas.</p>
<h5><strong>Nivel B2</strong> (nivel avanzado)</h5>
<p>Puede entender la mayoría de textos y mantener conversaciones con fluidez sin esfuerzos por parte del interlocutor.</p>
<h5><strong>Nivel C1</strong> (nivel funcional)</h5>
<p>Puede tener éxito en casi todos los intercambios comunicativos, entiende el doble sentido y el trasfondo cultural del idioma, puede trabajar en la lengua extranjera.</p>
<h5><strong>Nivel C2</strong> (nivel de dominio)</h5>
<p>Su corrección es parecida a la de un nativo medio.</p>
<p>[/et_pb_text][/et_pb_column][/et_pb_row][et_pb_row _builder_version=»4.23.1&#8243; hover_enabled=»0&#8243; global_colors_info=»{}» custom_margin=»30px||||false|false» sticky_enabled=»0&#8243;][et_pb_column type=»4_4&#8243; _builder_version=»4.16&#8243; custom_padding=»|||» global_colors_info=»{}» custom_padding__hover=»|||»][et_pb_text _builder_version=»4.23.1&#8243; global_colors_info=»{}»]</p>
<h3 style="color: #e01f4e;"><span style="color: #333333;"><strong>Requisitos de acceso</strong></span></h3>
<p>Los requisitos que el alumnado debe reunir para acceder a la formación los encontraréis en el programa formativo de cada especialidad. El programa formativo está ubicado en el apartado de documentos.[/et_pb_text][/et_pb_column][/et_pb_row][/et_pb_section]</p>

<p>Niveles de cualificación de especialidades formativasNivel 1 Competencia en un conjunto reducido de actividades de trabajo relativamente simples correspondientes a procesos normalizados, donde los conocimientos teóricos y las capacidades prácticas para aplicar son limitados. Nivel 2 Competència en un conjunto de actividades profesionales bien determinadas con la capacidad de utilizar los instrumentos y las técnicas [&hellip;]</p>
