{"id":38177,"date":"2022-09-26T16:00:01","date_gmt":"2022-09-26T14:00:01","guid":{"rendered":"https:\/\/soib.es\/consulta-estat-de-la-teva-beca\/"},"modified":"2024-03-13T13:17:12","modified_gmt":"2024-03-13T12:17:12","slug":"consulta-estat-de-la-teva-beca","status":"publish","type":"page","link":"https:\/\/soib.es\/es\/consulta-estat-de-la-teva-beca\/","title":{"rendered":"Consulta el estado de tu beca"},"content":{"rendered":"<p>[et_pb_section fb_built=\u00bb1&#8243; _builder_version=\u00bb4.16&#8243; background_color=\u00bb#f7f7f7&#8243; custom_padding=\u00bb25px|0px|25px|0px\u00bb global_colors_info=\u00bb{}\u00bb][et_pb_row _builder_version=\u00bb4.16&#8243; global_colors_info=\u00bb{}\u00bb][et_pb_column type=\u00bb4_4&#8243; _builder_version=\u00bb4.16&#8243; custom_padding=\u00bb|||\u00bb global_colors_info=\u00bb{}\u00bb custom_padding__hover=\u00bb|||\u00bb][et_pb_text _builder_version=\u00bb4.23.1&#8243; global_colors_info=\u00bb{}\u00bb]<\/p>\n<h1><strong>Consulta el estado de tu beca<\/strong><\/h1>\n<p>[\/et_pb_text][\/et_pb_column][\/et_pb_row][\/et_pb_section][et_pb_section fb_built=\u00bb1&#8243; _builder_version=\u00bb4.16&#8243; custom_padding=\u00bb25px|0px|54px|0px\u00bb global_colors_info=\u00bb{}\u00bb][et_pb_row _builder_version=\u00bb4.23.1&#8243; locked=\u00bboff\u00bb global_colors_info=\u00bb{}\u00bb][et_pb_column type=\u00bb4_4&#8243; _builder_version=\u00bb4.16&#8243; custom_padding=\u00bb|||\u00bb global_colors_info=\u00bb{}\u00bb custom_padding__hover=\u00bb|||\u00bb][et_pb_image src=\u00bbhttps:\/\/soib.es\/wp-content\/uploads\/2022\/09\/Baner-web-consulta-becas.png\u00bb title_text=\u00bbB\u00e0ner web consulta becas\u00bb _builder_version=\u00bb4.23.1&#8243; _module_preset=\u00bbdefault\u00bb width=\u00bb60%\u00bb global_colors_info=\u00bb{}\u00bb][\/et_pb_image][\/et_pb_column][\/et_pb_row][et_pb_row column_structure=\u00bb1_3,1_3,1_3&#8243; _builder_version=\u00bb4.23.1&#8243; _module_preset=\u00bbdefault\u00bb width=\u00bb100%\u00bb module_alignment=\u00bbleft\u00bb custom_margin=\u00bb||||false|false\u00bb custom_padding=\u00bb|0px||150px|false|false\u00bb locked=\u00bboff\u00bb global_colors_info=\u00bb{}\u00bb][et_pb_column type=\u00bb1_3&#8243; _builder_version=\u00bb4.16&#8243; _module_preset=\u00bbdefault\u00bb global_colors_info=\u00bb{}\u00bb][et_pb_blurb title=\u00bbConsulta de becas de acciones formativas financiadas por el SOIB (por DNI\/NIE)\u00bb url=\u00bbhttps:\/\/soib.es\/es\/consulta-beca\/\u00bb url_new_window=\u00bbon\u00bb use_icon=\u00bbon\u00bb font_icon=\u00bb&#x41;||divi||400&#8243; icon_color=\u00bb#CB023E\u00bb icon_placement=\u00bbleft\u00bb content_max_width=\u00bb1100px\u00bb _builder_version=\u00bb4.23.1&#8243; _module_preset=\u00bbdefault\u00bb header_font=\u00bb|600|||||||\u00bb header_font_size=\u00bb16px\u00bb hover_enabled=\u00bb0&#8243; locked=\u00bboff\u00bb global_colors_info=\u00bb{}\u00bb sticky_enabled=\u00bb0&#8243;][\/et_pb_blurb][et_pb_text _builder_version=\u00bb4.23.1&#8243; _module_preset=\u00bbdefault\u00bb custom_margin=\u00bb-15px|||45px|false|false\u00bb hover_enabled=\u00bb0&#8243; locked=\u00bboff\u00bb global_colors_info=\u00bb{}\u00bb sticky_enabled=\u00bb0&#8243;]<\/p>\n<p>(tambi\u00e9n incluye becas de transporte, conciliaci\u00f3n, manutenci\u00f3n y discapacidad de acciones formativas finalizadas a partir del 1 de septiembre de 2022)<\/p>\n<p>[\/et_pb_text][\/et_pb_column][et_pb_column type=\u00bb1_3&#8243; _builder_version=\u00bb4.16&#8243; _module_preset=\u00bbdefault\u00bb global_colors_info=\u00bb{}\u00bb][et_pb_blurb title=\u00bbConsulta de becas de transporte, conciliaci\u00f3n, manutenci\u00f3n y discapacidad de acciones formativas anteriores al 1 de septiembre de 2022&#8243; url=\u00bbhttps:\/\/soib.es\/wp-content\/uploads\/2024\/02\/BEQUES-TRANSPORT-ANTERIORS-1.09.22.pdf\u00bb url_new_window=\u00bbon\u00bb use_icon=\u00bbon\u00bb font_icon=\u00bb&#x41;||divi||400&#8243; icon_color=\u00bb#CB023E\u00bb icon_placement=\u00bbleft\u00bb content_max_width=\u00bb1100px\u00bb _builder_version=\u00bb4.23.1&#8243; _module_preset=\u00bbdefault\u00bb header_font=\u00bb|600|||||||\u00bb header_font_size=\u00bb16px\u00bb locked=\u00bboff\u00bb global_colors_info=\u00bb{}\u00bb][\/et_pb_blurb][\/et_pb_column][et_pb_column type=\u00bb1_3&#8243; _builder_version=\u00bb4.16&#8243; _module_preset=\u00bbdefault\u00bb global_colors_info=\u00bb{}\u00bb][et_pb_blurb title=\u00bbConsulta resoluciones becas ESPA y FP\u00bb url=\u00bbhttps:\/\/soib.es\/es\/propostes-i-resolucions-beques\/\u00bb url_new_window=\u00bbon\u00bb use_icon=\u00bbon\u00bb font_icon=\u00bb&#x41;||divi||400&#8243; icon_color=\u00bb#CB023E\u00bb icon_placement=\u00bbleft\u00bb content_max_width=\u00bb1100px\u00bb _builder_version=\u00bb4.23.1&#8243; _module_preset=\u00bbdefault\u00bb header_font=\u00bb|600|||||||\u00bb header_font_size=\u00bb16px\u00bb locked=\u00bboff\u00bb global_colors_info=\u00bb{}\u00bb][\/et_pb_blurb][\/et_pb_column][\/et_pb_row][\/et_pb_section]<\/p>\n","protected":false},"excerpt":{"rendered":"<p>Consulta el estado de tu beca(tambi\u00e9n incluye becas de transporte, conciliaci\u00f3n, manutenci\u00f3n y discapacidad de acciones formativas finalizadas a partir del 1 de septiembre de 2022)<\/p>\n","protected":false},"author":13,"featured_media":0,"parent":0,"menu_order":0,"comment_status":"closed","ping_status":"closed","template":"","meta":{"_et_pb_use_builder":"on","_et_pb_old_content":"","_et_gb_content_width":"","footnotes":"","_links_to":"","_links_to_target":""},"class_list":["post-38177","page","type-page","status-publish","hentry"],"publishpress_future_action":{"enabled":false,"date":"2026-05-04 21:50:56","action":"change-status","newStatus":"draft","terms":[],"taxonomy":"translation_priority","extraData":[]},"publishpress_future_workflow_manual_trigger":{"enabledWorkflows":[]},"_links":{"self":[{"href":"https:\/\/soib.es\/es\/wp-json\/wp\/v2\/pages\/38177","targetHints":{"allow":["GET"]}}],"collection":[{"href":"https:\/\/soib.es\/es\/wp-json\/wp\/v2\/pages"}],"about":[{"href":"https:\/\/soib.es\/es\/wp-json\/wp\/v2\/types\/page"}],"author":[{"embeddable":true,"href":"https:\/\/soib.es\/es\/wp-json\/wp\/v2\/users\/13"}],"replies":[{"embeddable":true,"href":"https:\/\/soib.es\/es\/wp-json\/wp\/v2\/comments?post=38177"}],"version-history":[{"count":0,"href":"https:\/\/soib.es\/es\/wp-json\/wp\/v2\/pages\/38177\/revisions"}],"wp:attachment":[{"href":"https:\/\/soib.es\/es\/wp-json\/wp\/v2\/media?parent=38177"}],"curies":[{"name":"wp","href":"https:\/\/api.w.org\/{rel}","templated":true}]}}

<p>[et_pb_section fb_built=»1&#8243; _builder_version=»4.16&#8243; background_color=»#f7f7f7&#8243; custom_padding=»25px|0px|25px|0px» global_colors_info=»{}»][et_pb_row _builder_version=»4.16&#8243; global_colors_info=»{}»][et_pb_column type=»4_4&#8243; _builder_version=»4.16&#8243; custom_padding=»|||» global_colors_info=»{}» custom_padding__hover=»|||»][et_pb_text _builder_version=»4.23.1&#8243; global_colors_info=»{}»]</p>
<h1><strong>Consulta el estado de tu beca</strong></h1>
<p>[/et_pb_text][/et_pb_column][/et_pb_row][/et_pb_section][et_pb_section fb_built=»1&#8243; _builder_version=»4.16&#8243; custom_padding=»25px|0px|54px|0px» global_colors_info=»{}»][et_pb_row _builder_version=»4.23.1&#8243; locked=»off» global_colors_info=»{}»][et_pb_column type=»4_4&#8243; _builder_version=»4.16&#8243; custom_padding=»|||» global_colors_info=»{}» custom_padding__hover=»|||»][et_pb_image src=»https://soib.es/wp-content/uploads/2022/09/Baner-web-consulta-becas.png» title_text=»Bàner web consulta becas» _builder_version=»4.23.1&#8243; _module_preset=»default» width=»60%» global_colors_info=»{}»][/et_pb_image][/et_pb_column][/et_pb_row][et_pb_row column_structure=»1_3,1_3,1_3&#8243; _builder_version=»4.23.1&#8243; _module_preset=»default» width=»100%» module_alignment=»left» custom_margin=»||||false|false» custom_padding=»|0px||150px|false|false» locked=»off» global_colors_info=»{}»][et_pb_column type=»1_3&#8243; _builder_version=»4.16&#8243; _module_preset=»default» global_colors_info=»{}»][et_pb_blurb title=»Consulta de becas de acciones formativas financiadas por el SOIB (por DNI/NIE)» url=»https://soib.es/es/consulta-beca/» url_new_window=»on» use_icon=»on» font_icon=»&#x41;||divi||400&#8243; icon_color=»#CB023E» icon_placement=»left» content_max_width=»1100px» _builder_version=»4.23.1&#8243; _module_preset=»default» header_font=»|600|||||||» header_font_size=»16px» hover_enabled=»0&#8243; locked=»off» global_colors_info=»{}» sticky_enabled=»0&#8243;][/et_pb_blurb][et_pb_text _builder_version=»4.23.1&#8243; _module_preset=»default» custom_margin=»-15px|||45px|false|false» hover_enabled=»0&#8243; locked=»off» global_colors_info=»{}» sticky_enabled=»0&#8243;]</p>
<p>(también incluye becas de transporte, conciliación, manutención y discapacidad de acciones formativas finalizadas a partir del 1 de septiembre de 2022)</p>
<p>[/et_pb_text][/et_pb_column][et_pb_column type=»1_3&#8243; _builder_version=»4.16&#8243; _module_preset=»default» global_colors_info=»{}»][et_pb_blurb title=»Consulta de becas de transporte, conciliación, manutención y discapacidad de acciones formativas anteriores al 1 de septiembre de 2022&#8243; url=»https://soib.es/wp-content/uploads/2024/02/BEQUES-TRANSPORT-ANTERIORS-1.09.22.pdf» url_new_window=»on» use_icon=»on» font_icon=»&#x41;||divi||400&#8243; icon_color=»#CB023E» icon_placement=»left» content_max_width=»1100px» _builder_version=»4.23.1&#8243; _module_preset=»default» header_font=»|600|||||||» header_font_size=»16px» locked=»off» global_colors_info=»{}»][/et_pb_blurb][/et_pb_column][et_pb_column type=»1_3&#8243; _builder_version=»4.16&#8243; _module_preset=»default» global_colors_info=»{}»][et_pb_blurb title=»Consulta resoluciones becas ESPA y FP» url=»https://soib.es/es/propostes-i-resolucions-beques/» url_new_window=»on» use_icon=»on» font_icon=»&#x41;||divi||400&#8243; icon_color=»#CB023E» icon_placement=»left» content_max_width=»1100px» _builder_version=»4.23.1&#8243; _module_preset=»default» header_font=»|600|||||||» header_font_size=»16px» locked=»off» global_colors_info=»{}»][/et_pb_blurb][/et_pb_column][/et_pb_row][/et_pb_section]</p>

<p>Consulta el estado de tu beca(también incluye becas de transporte, conciliación, manutención y discapacidad de acciones formativas finalizadas a partir del 1 de septiembre de 2022)</p>
