{"id":3755,"date":"2018-02-06T09:52:53","date_gmt":"2018-02-06T08:52:53","guid":{"rendered":"https:\/\/soib.es\/gracies-als-programes-de-formacio-i-ocupacio-del-soib-30-alumnes-treballadors-treballaran-durant-9-mesos-a-lajuntament-de-palma\/"},"modified":"2018-02-06T10:59:17","modified_gmt":"2018-02-06T09:59:17","slug":"gracies-als-programes-de-formacio-i-ocupacio-del-soib-30-alumnes-treballadors-treballaran-durant-9-mesos-a-lajuntament-de-palma","status":"publish","type":"page","link":"https:\/\/soib.es\/es\/gracies-als-programes-de-formacio-i-ocupacio-del-soib-30-alumnes-treballadors-treballaran-durant-9-mesos-a-lajuntament-de-palma\/","title":{"rendered":"Gracias a los programas de Formaci\u00f3n y Empleo del SOIB, 30 personas trabajar\u00e1n durante 9 meses en el Ayuntamiento de Palma"},"content":{"rendered":"<p>[et_pb_section fb_built=\u00bb1&#8243; background_color=\u00bb#f7f7f7&#8243; _builder_version=\u00bb3.0.99&#8243; custom_padding=\u00bb25px|0px|25px|0px\u00bb][et_pb_row _builder_version=\u00bb3.0.99&#8243;][et_pb_column type=\u00bb4_4&#8243; _builder_version=\u00bb3.0.99&#8243; parallax=\u00bboff\u00bb parallax_method=\u00bbon\u00bb][et_pb_text _builder_version=\u00bb3.0.99&#8243;]<\/p>\n<h1><strong>Gracias a los programas de Formaci\u00f3n y Empleo del SOIB, 30 personas trabajar\u00e1n durante 9 meses en el Ayuntamiento de Palma<\/strong><\/h1>\n<p>[\/et_pb_text][\/et_pb_column][\/et_pb_row][\/et_pb_section][et_pb_section fb_built=\u00bb1&#8243; _builder_version=\u00bb3.0.99&#8243;][et_pb_row _builder_version=\u00bb3.0.99&#8243;][et_pb_column type=\u00bb4_4&#8243; _builder_version=\u00bb3.0.99&#8243; parallax=\u00bboff\u00bb parallax_method=\u00bbon\u00bb][et_pb_image src=\u00bbhttps:\/\/soib.es\/wp-content\/uploads\/2018\/02\/soib.jpg\u00bb alt=\u00bbSOIB Palma\u00bb title_text=\u00bbSOIB Palma\u00bb _builder_version=\u00bb3.0.99&#8243;][\/et_pb_image][et_pb_text _builder_version=\u00bb3.0.99&#8243;]<\/p>\n<p>Un total de 30 alumnos-trabajadores de los programas SOIB 30 y SOIB Joven Formaci\u00f3n y Empleo han empezado a trabajar este mes de febrero en el Ayuntamiento de Palma. Al acto de bienvenida, celebrado en la sala de plenos del consistorio han asistido Joana Maria Adrover, concejala de Turismo, Comercio y Trabajo, y Pere Torrens, director del SOIB.<\/p>\n<p>Se trata de los siguientes programas:<\/p>\n<ul>\n<li><strong>Palma chapa y mec\u00e1nica III<\/strong>, del programa SOIB 30 Formaci\u00f3n y Empleo. Se dirige a personas mayores de 30 a\u00f1os y est\u00e1 financiado con fondos del SOIB mediante la Conferencia Sectorial.<\/li>\n<li><strong>Palma micromachine III<\/strong>, del programa SOIB 3o Formaci\u00f3n y Empleo. Se dirige a personas mayores de 30 a\u00f1os y est\u00e1 financiado con fondos del SOIB mediante la Conferencia Sectorial.<\/li>\n<li><strong>Palma web II<\/strong>, del programa SOIB 30 Formaci\u00f3n y Empleo. Dirigidos a personas menores a 30 a\u00f1os, financiado por el SOIB con la participaci\u00f3n del SEPE y el confinanciamiento del Fondo Social Europeo (FSE).<\/li>\n<\/ul>\n<p>Los alumnos-trabajadores combinar\u00e1n durante 9 meses formaci\u00f3n y experi\u00e9ncia pr\u00e1ctica (1260 h) con el objetivo de mejorar sus competencias profesionales. Los certificados de profesionalidad que pueden obtener son de nivel 1 y 2. Estos tres programas del SOIB suponen cotratar a <strong>38 personas<\/strong>: 30 alumnos-trabajadores y 8 profesionales que se suman a las <strong>57 personas de SOIB Visibles y 45 de SOIB J\u00f3venes Calificados<\/strong> que trabajan actualmente en el Ayuntamiento de Palma mediante programas subvencionados por el SOIB (<strong>140 contratados en total<\/strong>).<\/p>\n<p>Para ejecutar esta formaci\u00f3n, el Servicio de Empleo de las Islas Baleares ha concedido una subvenci\u00f3n de 435.436,34 euros a PalmaActiva.<\/p>\n<p>[\/et_pb_text][\/et_pb_column][\/et_pb_row][\/et_pb_section][et_pb_section fb_built=\u00bb1&#8243; background_color=\u00bb#df1f4f\u00bb disabled_on=\u00bbon|on|off\u00bb _builder_version=\u00bb3.0.82&#8243; custom_padding=\u00bb54px|0px|0px|0px\u00bb][et_pb_row custom_padding=\u00bb0px|0px|27px|0px\u00bb custom_css_main_2=\u00bbmargin-left: -20%;\u00bb custom_css_main_3=\u00bbmargin-left: 32px;\u00bb custom_css_main_4=\u00bbmargin-left: 100px;\u00bb _builder_version=\u00bb3.0.82&#8243;][et_pb_column type=\u00bb1_4&#8243; _builder_version=\u00bb3.0.82&#8243; parallax=\u00bboff\u00bb parallax_method=\u00bbon\u00bb][et_pb_blurb url=\u00bbhttps:\/\/twitter.com\/soibinfo?lang=es\u00bb use_icon=\u00bbon\u00bb font_icon=\u00bb%%292%%\u00bb icon_color=\u00bb#df1f4f\u00bb use_circle=\u00bbon\u00bb icon_placement=\u00bbleft\u00bb use_icon_font_size=\u00bbon\u00bb _builder_version=\u00bb3.0.82&#8243; animation=\u00bboff\u00bb][\/et_pb_blurb][\/et_pb_column][et_pb_column type=\u00bb1_4&#8243; _builder_version=\u00bb3.0.82&#8243; parallax=\u00bboff\u00bb parallax_method=\u00bbon\u00bb custom_css_main=\u00bbmargin-left: -20%;\u00bb][et_pb_blurb url=\u00bbhttps:\/\/www.facebook.com\/SOIBINFO\/\u00bb use_icon=\u00bbon\u00bb font_icon=\u00bb%%291%%\u00bb icon_color=\u00bb#df1f4f\u00bb use_circle=\u00bbon\u00bb icon_placement=\u00bbleft\u00bb _builder_version=\u00bb3.0.82&#8243; animation=\u00bboff\u00bb][\/et_pb_blurb][\/et_pb_column][et_pb_column type=\u00bb1_4&#8243; _builder_version=\u00bb3.0.82&#8243; parallax=\u00bboff\u00bb parallax_method=\u00bbon\u00bb custom_css_main=\u00bbmargin-left: 32px;\u00bb][et_pb_image src=\u00bbhttps:\/\/soib.es\/wp-content\/uploads\/2017\/10\/ue3.gif\u00bb _builder_version=\u00bb3.0.82&#8243; module_alignment=\u00bbleft\u00bb][\/et_pb_image][\/et_pb_column][et_pb_column type=\u00bb1_4&#8243; _builder_version=\u00bb3.0.82&#8243; parallax=\u00bboff\u00bb parallax_method=\u00bbon\u00bb custom_css_main=\u00bbmargin-left: 100px;\u00bb][et_pb_text _builder_version=\u00bb3.0.82&#8243; custom_css_main_element=\u00bbwidth: 150%;\u00bb]<\/p>\n<p style=\"color: #fff; text-align: right;\">Servicio de Ocupaci\u00f3n de las Islas Baleares (SOIB):<\/p>\n<p style=\"color: #fff; text-align: right;\">Cam\u00ed vell de Bunyola, 43, 1\u00ba &#8211; Edificio rotonda Asima<\/p>\n<p style=\"color: #fff; text-align: right;\">Pol\u00edgono de son Castell\u00f3 &#8211; 07009 Palma<\/p>\n<p style=\"color: #fff; text-align: right;\">Tel\u00e9fono <a style=\"color: #fff;\" href=\"tel:+34971784991\">971784991<\/a> &#8211; Fax 971784942<\/p>\n<p>[\/et_pb_text][\/et_pb_column][\/et_pb_row][\/et_pb_section][et_pb_section fb_built=\u00bb1&#8243; background_color=\u00bb#df1f4f\u00bb disabled_on=\u00bbon|off|on\u00bb _builder_version=\u00bb3.0.82&#8243; custom_padding=\u00bb20px|0px|0px|0px\u00bb][et_pb_row custom_padding=\u00bb0px|0px|27px|0px\u00bb custom_css_main_2=\u00bbmargin-left: -225px;\u00bb custom_css_main_3=\u00bbmargin-left: 32px;\u00bb custom_css_main_4=\u00bbmargin-left: 100px;\u00bb _builder_version=\u00bb3.0.82&#8243;][et_pb_column type=\u00bb4_4&#8243; _builder_version=\u00bb3.0.82&#8243; parallax=\u00bboff\u00bb parallax_method=\u00bbon\u00bb][et_pb_text _builder_version=\u00bb3.0.82&#8243; custom_css_main_element=\u00bbwidth: 150%;\u00bb]<\/p>\n<p style=\"color: #fff;\">Servicio de Ocupaci\u00f3n de las Islas Baleares (SOIB):<\/p>\n<p style=\"color: #fff;\">Cam\u00ed vell de Bunyola, 43, 1\u00ba &#8211; Edificio rotonda Asima<\/p>\n<p style=\"color: #fff;\">Pol\u00edgono de son Castell\u00f3 &#8211; 07009 Palma<\/p>\n<p style=\"color: #fff;\">Tel\u00e9fono <a style=\"color: #fff;\" href=\"tel:+34971784991\">971784991<\/a> &#8211; Fax 971784942<\/p>\n<p>[\/et_pb_text][et_pb_image src=\u00bbhttps:\/\/soib.es\/wp-content\/uploads\/2017\/10\/ue3.gif\u00bb _builder_version=\u00bb3.0.82&#8243; max_width=\u00bb50%\u00bb module_alignment=\u00bbcenter\u00bb][\/et_pb_image][et_pb_blurb url=\u00bbhttps:\/\/twitter.com\/soibinfo?lang=es\u00bb use_icon=\u00bbon\u00bb font_icon=\u00bb%%292%%\u00bb icon_color=\u00bb#df1f4f\u00bb use_circle=\u00bbon\u00bb icon_placement=\u00bbleft\u00bb use_icon_font_size=\u00bbon\u00bb _builder_version=\u00bb3.0.82&#8243; animation=\u00bboff\u00bb custom_css_main_element=\u00bbfloat: right;\u00bb][\/et_pb_blurb][et_pb_blurb url=\u00bbhttps:\/\/www.facebook.com\/SOIBINFO\/\u00bb use_icon=\u00bbon\u00bb font_icon=\u00bb%%291%%\u00bb icon_color=\u00bb#df1f4f\u00bb use_circle=\u00bbon\u00bb icon_placement=\u00bbleft\u00bb _builder_version=\u00bb3.0.82&#8243; animation=\u00bboff\u00bb][\/et_pb_blurb][\/et_pb_column][\/et_pb_row][\/et_pb_section][et_pb_section fb_built=\u00bb1&#8243; background_color=\u00bb#df1f4f\u00bb disabled_on=\u00bboff|on|on\u00bb _builder_version=\u00bb3.0.82&#8243;][et_pb_row custom_padding=\u00bb15px|0px|0px|0px\u00bb _builder_version=\u00bb3.0.82&#8243;][et_pb_column type=\u00bb4_4&#8243; _builder_version=\u00bb3.0.82&#8243; parallax=\u00bboff\u00bb parallax_method=\u00bbon\u00bb][et_pb_text _builder_version=\u00bb3.0.82&#8243;]<\/p>\n<p style=\"color: #fff;\">Servicio de Ocupaci\u00f3n de las Islas Baleares (SOIB):<\/p>\n<p style=\"color: #fff;\">Cam\u00ed Vell de Bunyola, 43, 1\u00aa &#8211; edificio rotonda Asima<\/p>\n<p style=\"color: #fff;\">Pol\u00edgono de son Castell\u00f3 &#8211; 07009 Palma<\/p>\n<p style=\"color: #fff;\">Tel\u00e9fono 971784991 &#8211; Fax 971784942<\/p>\n<p>[\/et_pb_text][\/et_pb_column][\/et_pb_row][et_pb_row custom_padding=\u00bb15px|0px|0px|0px\u00bb _builder_version=\u00bb3.0.82&#8243;][et_pb_column type=\u00bb4_4&#8243; _builder_version=\u00bb3.0.82&#8243; parallax=\u00bboff\u00bb parallax_method=\u00bbon\u00bb][et_pb_image src=\u00bbhttps:\/\/soib.es\/wp-content\/uploads\/2017\/10\/ue3.gif\u00bb _builder_version=\u00bb3.0.82&#8243; max_width=\u00bb50%\u00bb][\/et_pb_image][\/et_pb_column][\/et_pb_row][et_pb_row custom_padding=\u00bb0px|0px|0px|0px\u00bb _builder_version=\u00bb3.0.82&#8243;][et_pb_column type=\u00bb4_4&#8243; _builder_version=\u00bb3.0.82&#8243; parallax=\u00bboff\u00bb parallax_method=\u00bbon\u00bb][et_pb_blurb url=\u00bbhttps:\/\/www.facebook.com\/SOIBINFO\/\u00bb use_icon=\u00bbon\u00bb font_icon=\u00bb%%291%%\u00bb icon_color=\u00bb#df1f4f\u00bb use_circle=\u00bbon\u00bb icon_placement=\u00bbleft\u00bb _builder_version=\u00bb3.0.82&#8243; animation=\u00bboff\u00bb][\/et_pb_blurb][et_pb_blurb url=\u00bbhttps:\/\/twitter.com\/soibinfo?lang=es\u00bb use_icon=\u00bbon\u00bb font_icon=\u00bb%%292%%\u00bb icon_color=\u00bb#df1f4f\u00bb use_circle=\u00bbon\u00bb icon_placement=\u00bbleft\u00bb _builder_version=\u00bb3.0.82&#8243; animation=\u00bboff\u00bb][\/et_pb_blurb][\/et_pb_column][\/et_pb_row][\/et_pb_section]<\/p>\n","protected":false},"excerpt":{"rendered":"<p>Gracias a los programas de Formaci\u00f3n y Empleo del SOIB, 30 personas trabajar\u00e1n durante 9 meses en el Ayuntamiento de Palma Un total de 30 alumnos-trabajadores de los programas SOIB 30 y SOIB Joven Formaci\u00f3n y Empleo han empezado a trabajar este mes de febrero en el Ayuntamiento de Palma. Al acto de bienvenida, celebrado [&hellip;]<\/p>\n","protected":false},"author":1,"featured_media":0,"parent":0,"menu_order":0,"comment_status":"closed","ping_status":"closed","template":"","meta":{"_et_pb_use_builder":"on","_et_pb_old_content":"","_et_gb_content_width":"","footnotes":"","_links_to":"","_links_to_target":""},"class_list":["post-3755","page","type-page","status-publish","hentry"],"publishpress_future_action":{"enabled":false,"date":"2026-05-08 12:26:37","action":"change-status","newStatus":"draft","terms":[],"taxonomy":"translation_priority","extraData":[]},"publishpress_future_workflow_manual_trigger":{"enabledWorkflows":[]},"_links":{"self":[{"href":"https:\/\/soib.es\/es\/wp-json\/wp\/v2\/pages\/3755","targetHints":{"allow":["GET"]}}],"collection":[{"href":"https:\/\/soib.es\/es\/wp-json\/wp\/v2\/pages"}],"about":[{"href":"https:\/\/soib.es\/es\/wp-json\/wp\/v2\/types\/page"}],"author":[{"embeddable":true,"href":"https:\/\/soib.es\/es\/wp-json\/wp\/v2\/users\/1"}],"replies":[{"embeddable":true,"href":"https:\/\/soib.es\/es\/wp-json\/wp\/v2\/comments?post=3755"}],"version-history":[{"count":0,"href":"https:\/\/soib.es\/es\/wp-json\/wp\/v2\/pages\/3755\/revisions"}],"wp:attachment":[{"href":"https:\/\/soib.es\/es\/wp-json\/wp\/v2\/media?parent=3755"}],"curies":[{"name":"wp","href":"https:\/\/api.w.org\/{rel}","templated":true}]}}

Gracias a los programas de Formación y Empleo del SOIB, 30 personas trabajarán durante 9 meses en el Ayuntamiento de Palma

<p>[et_pb_section fb_built=»1&#8243; background_color=»#f7f7f7&#8243; _builder_version=»3.0.99&#8243; custom_padding=»25px|0px|25px|0px»][et_pb_row _builder_version=»3.0.99&#8243;][et_pb_column type=»4_4&#8243; _builder_version=»3.0.99&#8243; parallax=»off» parallax_method=»on»][et_pb_text _builder_version=»3.0.99&#8243;]</p>
<h1><strong>Gracias a los programas de Formación y Empleo del SOIB, 30 personas trabajarán durante 9 meses en el Ayuntamiento de Palma</strong></h1>
<p>[/et_pb_text][/et_pb_column][/et_pb_row][/et_pb_section][et_pb_section fb_built=»1&#8243; _builder_version=»3.0.99&#8243;][et_pb_row _builder_version=»3.0.99&#8243;][et_pb_column type=»4_4&#8243; _builder_version=»3.0.99&#8243; parallax=»off» parallax_method=»on»][et_pb_image src=»https://soib.es/wp-content/uploads/2018/02/soib.jpg» alt=»SOIB Palma» title_text=»SOIB Palma» _builder_version=»3.0.99&#8243;][/et_pb_image][et_pb_text _builder_version=»3.0.99&#8243;]</p>
<p>Un total de 30 alumnos-trabajadores de los programas SOIB 30 y SOIB Joven Formación y Empleo han empezado a trabajar este mes de febrero en el Ayuntamiento de Palma. Al acto de bienvenida, celebrado en la sala de plenos del consistorio han asistido Joana Maria Adrover, concejala de Turismo, Comercio y Trabajo, y Pere Torrens, director del SOIB.</p>
<p>Se trata de los siguientes programas:</p>
<ul>
<li><strong>Palma chapa y mecánica III</strong>, del programa SOIB 30 Formación y Empleo. Se dirige a personas mayores de 30 años y está financiado con fondos del SOIB mediante la Conferencia Sectorial.</li>
<li><strong>Palma micromachine III</strong>, del programa SOIB 3o Formación y Empleo. Se dirige a personas mayores de 30 años y está financiado con fondos del SOIB mediante la Conferencia Sectorial.</li>
<li><strong>Palma web II</strong>, del programa SOIB 30 Formación y Empleo. Dirigidos a personas menores a 30 años, financiado por el SOIB con la participación del SEPE y el confinanciamiento del Fondo Social Europeo (FSE).</li>
</ul>
<p>Los alumnos-trabajadores combinarán durante 9 meses formación y experiéncia práctica (1260 h) con el objetivo de mejorar sus competencias profesionales. Los certificados de profesionalidad que pueden obtener son de nivel 1 y 2. Estos tres programas del SOIB suponen cotratar a <strong>38 personas</strong>: 30 alumnos-trabajadores y 8 profesionales que se suman a las <strong>57 personas de SOIB Visibles y 45 de SOIB Jóvenes Calificados</strong> que trabajan actualmente en el Ayuntamiento de Palma mediante programas subvencionados por el SOIB (<strong>140 contratados en total</strong>).</p>
<p>Para ejecutar esta formación, el Servicio de Empleo de las Islas Baleares ha concedido una subvención de 435.436,34 euros a PalmaActiva.</p>
<p>[/et_pb_text][/et_pb_column][/et_pb_row][/et_pb_section][et_pb_section fb_built=»1&#8243; background_color=»#df1f4f» disabled_on=»on|on|off» _builder_version=»3.0.82&#8243; custom_padding=»54px|0px|0px|0px»][et_pb_row custom_padding=»0px|0px|27px|0px» custom_css_main_2=»margin-left: -20%;» custom_css_main_3=»margin-left: 32px;» custom_css_main_4=»margin-left: 100px;» _builder_version=»3.0.82&#8243;][et_pb_column type=»1_4&#8243; _builder_version=»3.0.82&#8243; parallax=»off» parallax_method=»on»][et_pb_blurb url=»https://twitter.com/soibinfo?lang=es» use_icon=»on» font_icon=»%%292%%» icon_color=»#df1f4f» use_circle=»on» icon_placement=»left» use_icon_font_size=»on» _builder_version=»3.0.82&#8243; animation=»off»][/et_pb_blurb][/et_pb_column][et_pb_column type=»1_4&#8243; _builder_version=»3.0.82&#8243; parallax=»off» parallax_method=»on» custom_css_main=»margin-left: -20%;»][et_pb_blurb url=»https://www.facebook.com/SOIBINFO/» use_icon=»on» font_icon=»%%291%%» icon_color=»#df1f4f» use_circle=»on» icon_placement=»left» _builder_version=»3.0.82&#8243; animation=»off»][/et_pb_blurb][/et_pb_column][et_pb_column type=»1_4&#8243; _builder_version=»3.0.82&#8243; parallax=»off» parallax_method=»on» custom_css_main=»margin-left: 32px;»][et_pb_image src=»https://soib.es/wp-content/uploads/2017/10/ue3.gif» _builder_version=»3.0.82&#8243; module_alignment=»left»][/et_pb_image][/et_pb_column][et_pb_column type=»1_4&#8243; _builder_version=»3.0.82&#8243; parallax=»off» parallax_method=»on» custom_css_main=»margin-left: 100px;»][et_pb_text _builder_version=»3.0.82&#8243; custom_css_main_element=»width: 150%;»]</p>
<p style="color: #fff; text-align: right;">Servicio de Ocupación de las Islas Baleares (SOIB):</p>
<p style="color: #fff; text-align: right;">Camí vell de Bunyola, 43, 1º &#8211; Edificio rotonda Asima</p>
<p style="color: #fff; text-align: right;">Polígono de son Castelló &#8211; 07009 Palma</p>
<p style="color: #fff; text-align: right;">Teléfono <a style="color: #fff;" href="tel:+34971784991">971784991</a> &#8211; Fax 971784942</p>
<p>[/et_pb_text][/et_pb_column][/et_pb_row][/et_pb_section][et_pb_section fb_built=»1&#8243; background_color=»#df1f4f» disabled_on=»on|off|on» _builder_version=»3.0.82&#8243; custom_padding=»20px|0px|0px|0px»][et_pb_row custom_padding=»0px|0px|27px|0px» custom_css_main_2=»margin-left: -225px;» custom_css_main_3=»margin-left: 32px;» custom_css_main_4=»margin-left: 100px;» _builder_version=»3.0.82&#8243;][et_pb_column type=»4_4&#8243; _builder_version=»3.0.82&#8243; parallax=»off» parallax_method=»on»][et_pb_text _builder_version=»3.0.82&#8243; custom_css_main_element=»width: 150%;»]</p>
<p style="color: #fff;">Servicio de Ocupación de las Islas Baleares (SOIB):</p>
<p style="color: #fff;">Camí vell de Bunyola, 43, 1º &#8211; Edificio rotonda Asima</p>
<p style="color: #fff;">Polígono de son Castelló &#8211; 07009 Palma</p>
<p style="color: #fff;">Teléfono <a style="color: #fff;" href="tel:+34971784991">971784991</a> &#8211; Fax 971784942</p>
<p>[/et_pb_text][et_pb_image src=»https://soib.es/wp-content/uploads/2017/10/ue3.gif» _builder_version=»3.0.82&#8243; max_width=»50%» module_alignment=»center»][/et_pb_image][et_pb_blurb url=»https://twitter.com/soibinfo?lang=es» use_icon=»on» font_icon=»%%292%%» icon_color=»#df1f4f» use_circle=»on» icon_placement=»left» use_icon_font_size=»on» _builder_version=»3.0.82&#8243; animation=»off» custom_css_main_element=»float: right;»][/et_pb_blurb][et_pb_blurb url=»https://www.facebook.com/SOIBINFO/» use_icon=»on» font_icon=»%%291%%» icon_color=»#df1f4f» use_circle=»on» icon_placement=»left» _builder_version=»3.0.82&#8243; animation=»off»][/et_pb_blurb][/et_pb_column][/et_pb_row][/et_pb_section][et_pb_section fb_built=»1&#8243; background_color=»#df1f4f» disabled_on=»off|on|on» _builder_version=»3.0.82&#8243;][et_pb_row custom_padding=»15px|0px|0px|0px» _builder_version=»3.0.82&#8243;][et_pb_column type=»4_4&#8243; _builder_version=»3.0.82&#8243; parallax=»off» parallax_method=»on»][et_pb_text _builder_version=»3.0.82&#8243;]</p>
<p style="color: #fff;">Servicio de Ocupación de las Islas Baleares (SOIB):</p>
<p style="color: #fff;">Camí Vell de Bunyola, 43, 1ª &#8211; edificio rotonda Asima</p>
<p style="color: #fff;">Polígono de son Castelló &#8211; 07009 Palma</p>
<p style="color: #fff;">Teléfono 971784991 &#8211; Fax 971784942</p>
<p>[/et_pb_text][/et_pb_column][/et_pb_row][et_pb_row custom_padding=»15px|0px|0px|0px» _builder_version=»3.0.82&#8243;][et_pb_column type=»4_4&#8243; _builder_version=»3.0.82&#8243; parallax=»off» parallax_method=»on»][et_pb_image src=»https://soib.es/wp-content/uploads/2017/10/ue3.gif» _builder_version=»3.0.82&#8243; max_width=»50%»][/et_pb_image][/et_pb_column][/et_pb_row][et_pb_row custom_padding=»0px|0px|0px|0px» _builder_version=»3.0.82&#8243;][et_pb_column type=»4_4&#8243; _builder_version=»3.0.82&#8243; parallax=»off» parallax_method=»on»][et_pb_blurb url=»https://www.facebook.com/SOIBINFO/» use_icon=»on» font_icon=»%%291%%» icon_color=»#df1f4f» use_circle=»on» icon_placement=»left» _builder_version=»3.0.82&#8243; animation=»off»][/et_pb_blurb][et_pb_blurb url=»https://twitter.com/soibinfo?lang=es» use_icon=»on» font_icon=»%%292%%» icon_color=»#df1f4f» use_circle=»on» icon_placement=»left» _builder_version=»3.0.82&#8243; animation=»off»][/et_pb_blurb][/et_pb_column][/et_pb_row][/et_pb_section]</p>

<p>Gracias a los programas de Formación y Empleo del SOIB, 30 personas trabajarán durante 9 meses en el Ayuntamiento de Palma Un total de 30 alumnos-trabajadores de los programas SOIB 30 y SOIB Joven Formación y Empleo han empezado a trabajar este mes de febrero en el Ayuntamiento de Palma. Al acto de bienvenida, celebrado [&hellip;]</p>
