{"id":37020,"date":"2022-07-21T10:50:58","date_gmt":"2022-07-21T08:50:58","guid":{"rendered":"https:\/\/soib.es\/informacio-previa-habilitacio-i-registre-entitats-orientacio\/"},"modified":"2022-08-11T15:09:25","modified_gmt":"2022-08-11T13:09:25","slug":"informacio-previa-habilitacio-i-registre-entitats-orientacio","status":"publish","type":"page","link":"https:\/\/soib.es\/es\/informacio-previa-habilitacio-i-registre-entitats-orientacio\/","title":{"rendered":"Informaci\u00f3n previa sobre la habilitaci\u00f3n y el registro de entidades de orientaci\u00f3n"},"content":{"rendered":"<p>[et_pb_section fb_built=\u00bb1&#8243; _builder_version=\u00bb3.22&#8243; background_color=\u00bb#f7f7f7&#8243; custom_padding=\u00bb25px|0px|25px|0px\u00bb][et_pb_row _builder_version=\u00bb3.25&#8243;][et_pb_column type=\u00bb4_4&#8243; _builder_version=\u00bb3.25&#8243; custom_padding=\u00bb|||\u00bb custom_padding__hover=\u00bb|||\u00bb][et_pb_text _builder_version=\u00bb4.9.4&#8243;]<\/p>\n<h1><strong>Informaci\u00f3n previa sobre la habilitaci\u00f3n y el registro de entidades de orientaci\u00f3n<br \/>\n<\/strong><\/h1>\n<p>[\/et_pb_text][\/et_pb_column][\/et_pb_row][\/et_pb_section][et_pb_section fb_built=\u00bb1&#8243; _builder_version=\u00bb3.22&#8243; custom_padding=\u00bb20px|0px|54px|0px\u00bb][et_pb_row _builder_version=\u00bb3.25&#8243;][et_pb_column type=\u00bb4_4&#8243; _builder_version=\u00bb3.25&#8243; custom_padding=\u00bb|||\u00bb custom_padding__hover=\u00bb|||\u00bb][et_pb_text _builder_version=\u00bb4.9.4&#8243; hover_enabled=\u00bb0&#8243; sticky_enabled=\u00bb0&#8243;]<\/p>\n<p>Hacemos un avance de algunos aspectos sobre la creaci\u00f3n del Registro de entidades y servicios de orientaci\u00f3n profesional. Junto a los proyectos de los decretos que lo regular\u00e1n se adjunta informaci\u00f3n t\u00e9cnica de los requisitos y documentaci\u00f3n necesaria.<\/p>\n<p>Para cualquier duda sobre esta informaci\u00f3n os pod\u00e9is dirigir a:<br \/>Servei d\u2019Orientaci\u00f3 i Intermediaci\u00f3 2<br \/>Direcci\u00f3n electr\u00f3nica <span style=\"color: #cb023e;\"><a style=\"color: #cb023e;\" href=\"mailto:resop@soib.caib.es\" target=\"_blank\" rel=\"noopener\">resop@soib.caib.es<\/a><\/span><br \/>Tel\u00e9fono 971 17 70 00<br \/>Ext. 69152 (Mar\u00eda Jos\u00e9 Villa)<br \/>Ext. 64103 (Ramona Salv\u00e1)<\/p>\n<p>Enlaces:<\/p>\n<ul>\n<li><span style=\"color: #cb023e;\"><a style=\"color: #cb023e;\" href=\"https:\/\/soib.es\/wp-content\/uploads\/2022\/07\/Creacion-y-regulacion-Registro.-Castellano.pdf\" target=\"_blank\" rel=\"noopener\">Proyecto de decreto por el que se crear\u00e1 y regular\u00e1 el Registro de entidades y servicios de orientaci\u00f3n profesional y los servicios complementarios, y los procedimientos de acreditaci\u00f3n de servicios y habilitaci\u00f3n de entidades<\/a><\/span><\/li>\n<li><a href=\"https:\/\/soib.es\/wp-content\/uploads\/2022\/07\/Acreditacion-servicios.-Castellano.pdf\" target=\"_blank\" rel=\"noopener\"><span style=\"color: #cb023e;\">Proyecto de decreto por el que se establecen los principios generales y se regulan los requisitos para acreditar los servicios de orientaci\u00f3n profesional para su posterior inscripci\u00f3n en el Registro de entidades y los servicios de orientaci\u00f3n profesional y los servicios complementarios<\/span><\/a><\/li>\n<li><span style=\"color: #cb023e;\"><a style=\"color: #cb023e;\" href=\"https:\/\/soib.es\/wp-content\/uploads\/2022\/07\/INFORMACION-PREVIA-SOBRE-LA-HABILITACION-Y-REGISTRO-DE-CENTROS-DE-ORIENTACION-PROFESIONAL.pdf\" target=\"_blank\" rel=\"noopener\">Informaci\u00f3n t\u00e9cnica previa al proceso de habilitaci\u00f3n y registro de centros de orientaci\u00f3n laboral<\/a><\/span><\/li>\n<\/ul>\n<p>[\/et_pb_text][\/et_pb_column][\/et_pb_row][\/et_pb_section]<\/p>\n","protected":false},"excerpt":{"rendered":"<p>Informaci\u00f3n previa sobre la habilitaci\u00f3n y el registro de entidades de orientaci\u00f3n Hacemos un avance de algunos aspectos sobre la creaci\u00f3n del Registro de entidades y servicios de orientaci\u00f3n profesional. Junto a los proyectos de los decretos que lo regular\u00e1n se adjunta informaci\u00f3n t\u00e9cnica de los requisitos y documentaci\u00f3n necesaria. Para cualquier duda sobre esta [&hellip;]<\/p>\n","protected":false},"author":13,"featured_media":0,"parent":0,"menu_order":0,"comment_status":"closed","ping_status":"closed","template":"","meta":{"_et_pb_use_builder":"on","_et_pb_old_content":"<p>Les entitats sense \u00e0nim de lucre que duen a terme orientaci\u00f3 laboral per a col\u00b7lectius amb especials dificultats d\u2019inserci\u00f3 i les administracions locals es poden presentar a les convocat\u00f2ries de subvencions del SOIB d\u2019Itineraris Integrals d\u2019Inserci\u00f3 per finan\u00e7ar la seva tasca d\u2019atenci\u00f3.<\/p><p>\u00a0<\/p><p>A trav\u00e9s dels Itineraris Integrals d\u2019Inserci\u00f3 (enlla\u00e7 a <em><a href=\"https:\/\/soib.es\/soib-itineraris-integrals-dinsercio\/\">https:\/\/soib.es\/soib-itineraris-integrals-dinsercio\/<\/a><\/em> ) es desenvolupa un proc\u00e9s d\u2019acompanyament personalitzat per ajudar les persones a construir el seu projecte professional i millorar les seves oportunitats d\u2019ocupaci\u00f3. En un itinerari integral d\u2019inserci\u00f3, en cas que les entitats ho considerin convenient, a m\u00e9s de l\u2019orientaci\u00f3, es pot executar tamb\u00e9 formaci\u00f3.<\/p><p>\u00a0<\/p><p>Els Itineraris Integrals d\u2019Inserci\u00f3 subvencionats pel SOIB poden ser especialment orientats a joves en risc d\u2019exclusi\u00f3 social (enlla\u00e7 a <em><a href=\"https:\/\/www.caib.es\/seucaib\/ca\/200\/persones\/tramites\/tramite\/4399198\">https:\/\/www.caib.es\/seucaib\/ca\/200\/persones\/tramites\/tramite\/4399198<\/a><\/em>) o a persones de col\u00b7lectius vulnerables (enlla\u00e7 a <em><a href=\"https:\/\/www.caib.es\/seucaib\/ca\/200\/persones\/tramites\/tramite\/4383719\">https:\/\/www.caib.es\/seucaib\/ca\/200\/persones\/tramites\/tramite\/4383719<\/a><\/em>)<\/p>","_et_gb_content_width":"","footnotes":"","_links_to":"","_links_to_target":""},"class_list":["post-37020","page","type-page","status-publish","hentry"],"publishpress_future_action":{"enabled":false,"date":"2026-05-07 00:33:06","action":"change-status","newStatus":"draft","terms":[],"taxonomy":"translation_priority","extraData":[]},"publishpress_future_workflow_manual_trigger":{"enabledWorkflows":[]},"_links":{"self":[{"href":"https:\/\/soib.es\/es\/wp-json\/wp\/v2\/pages\/37020","targetHints":{"allow":["GET"]}}],"collection":[{"href":"https:\/\/soib.es\/es\/wp-json\/wp\/v2\/pages"}],"about":[{"href":"https:\/\/soib.es\/es\/wp-json\/wp\/v2\/types\/page"}],"author":[{"embeddable":true,"href":"https:\/\/soib.es\/es\/wp-json\/wp\/v2\/users\/13"}],"replies":[{"embeddable":true,"href":"https:\/\/soib.es\/es\/wp-json\/wp\/v2\/comments?post=37020"}],"version-history":[{"count":0,"href":"https:\/\/soib.es\/es\/wp-json\/wp\/v2\/pages\/37020\/revisions"}],"wp:attachment":[{"href":"https:\/\/soib.es\/es\/wp-json\/wp\/v2\/media?parent=37020"}],"curies":[{"name":"wp","href":"https:\/\/api.w.org\/{rel}","templated":true}]}}

Información previa sobre la habilitación y el registro de entidades de orientación

<p>[et_pb_section fb_built=»1&#8243; _builder_version=»3.22&#8243; background_color=»#f7f7f7&#8243; custom_padding=»25px|0px|25px|0px»][et_pb_row _builder_version=»3.25&#8243;][et_pb_column type=»4_4&#8243; _builder_version=»3.25&#8243; custom_padding=»|||» custom_padding__hover=»|||»][et_pb_text _builder_version=»4.9.4&#8243;]</p>
<h1><strong>Información previa sobre la habilitación y el registro de entidades de orientación<br />
</strong></h1>
<p>[/et_pb_text][/et_pb_column][/et_pb_row][/et_pb_section][et_pb_section fb_built=»1&#8243; _builder_version=»3.22&#8243; custom_padding=»20px|0px|54px|0px»][et_pb_row _builder_version=»3.25&#8243;][et_pb_column type=»4_4&#8243; _builder_version=»3.25&#8243; custom_padding=»|||» custom_padding__hover=»|||»][et_pb_text _builder_version=»4.9.4&#8243; hover_enabled=»0&#8243; sticky_enabled=»0&#8243;]</p>
<p>Hacemos un avance de algunos aspectos sobre la creación del Registro de entidades y servicios de orientación profesional. Junto a los proyectos de los decretos que lo regularán se adjunta información técnica de los requisitos y documentación necesaria.</p>
<p>Para cualquier duda sobre esta información os podéis dirigir a:<br />Servei d’Orientació i Intermediació 2<br />Dirección electrónica <span style="color: #cb023e;"><a style="color: #cb023e;" href="mailto:resop@soib.caib.es" target="_blank" rel="noopener">resop@soib.caib.es</a></span><br />Teléfono 971 17 70 00<br />Ext. 69152 (María José Villa)<br />Ext. 64103 (Ramona Salvá)</p>
<p>Enlaces:</p>
<ul>
<li><span style="color: #cb023e;"><a style="color: #cb023e;" href="https://soib.es/wp-content/uploads/2022/07/Creacion-y-regulacion-Registro.-Castellano.pdf" target="_blank" rel="noopener">Proyecto de decreto por el que se creará y regulará el Registro de entidades y servicios de orientación profesional y los servicios complementarios, y los procedimientos de acreditación de servicios y habilitación de entidades</a></span></li>
<li><a href="https://soib.es/wp-content/uploads/2022/07/Acreditacion-servicios.-Castellano.pdf" target="_blank" rel="noopener"><span style="color: #cb023e;">Proyecto de decreto por el que se establecen los principios generales y se regulan los requisitos para acreditar los servicios de orientación profesional para su posterior inscripción en el Registro de entidades y los servicios de orientación profesional y los servicios complementarios</span></a></li>
<li><span style="color: #cb023e;"><a style="color: #cb023e;" href="https://soib.es/wp-content/uploads/2022/07/INFORMACION-PREVIA-SOBRE-LA-HABILITACION-Y-REGISTRO-DE-CENTROS-DE-ORIENTACION-PROFESIONAL.pdf" target="_blank" rel="noopener">Información técnica previa al proceso de habilitación y registro de centros de orientación laboral</a></span></li>
</ul>
<p>[/et_pb_text][/et_pb_column][/et_pb_row][/et_pb_section]</p>

<p>Información previa sobre la habilitación y el registro de entidades de orientación Hacemos un avance de algunos aspectos sobre la creación del Registro de entidades y servicios de orientación profesional. Junto a los proyectos de los decretos que lo regularán se adjunta información técnica de los requisitos y documentación necesaria. Para cualquier duda sobre esta [&hellip;]</p>

<p>Les entitats sense ànim de lucre que duen a terme orientació laboral per a col·lectius amb especials dificultats d’inserció i les administracions locals es poden presentar a les convocatòries de subvencions del SOIB d’Itineraris Integrals d’Inserció per finançar la seva tasca d’atenció.</p><p> </p><p>A través dels Itineraris Integrals d’Inserció (enllaç a <em><a href="https://soib.es/soib-itineraris-integrals-dinsercio/">https://soib.es/soib-itineraris-integrals-dinsercio/</a></em> ) es desenvolupa un procés d’acompanyament personalitzat per ajudar les persones a construir el seu projecte professional i millorar les seves oportunitats d’ocupació. En un itinerari integral d’inserció, en cas que les entitats ho considerin convenient, a més de l’orientació, es pot executar també formació.</p><p> </p><p>Els Itineraris Integrals d’Inserció subvencionats pel SOIB poden ser especialment orientats a joves en risc d’exclusió social (enllaç a <em><a href="https://www.caib.es/seucaib/ca/200/persones/tramites/tramite/4399198">https://www.caib.es/seucaib/ca/200/persones/tramites/tramite/4399198</a></em>) o a persones de col·lectius vulnerables (enllaç a <em><a href="https://www.caib.es/seucaib/ca/200/persones/tramites/tramite/4383719">https://www.caib.es/seucaib/ca/200/persones/tramites/tramite/4383719</a></em>)</p>
