{"id":36287,"date":"2022-06-10T15:38:13","date_gmt":"2022-06-10T13:38:13","guid":{"rendered":"https:\/\/soib.es\/projectes-joves-soib-orientacio-plus\/"},"modified":"2022-11-22T12:17:46","modified_gmt":"2022-11-22T11:17:46","slug":"projectes-30-anys-o-mes-soib-orientacio-plus","status":"publish","type":"page","link":"https:\/\/soib.es\/es\/projectes-30-anys-o-mes-soib-orientacio-plus\/","title":{"rendered":"Proyectos L\u00ednea 2 SOIB Orientaci\u00f3 Plus (personas de 30 a\u00f1os o m\u00e1s, desempleadas de larga duraci\u00f3n)"},"content":{"rendered":"<p>[et_pb_section fb_built=\u00bb1&#8243; _builder_version=\u00bb4.4.2&#8243; background_color=\u00bb#f7f7f7&#8243; custom_padding=\u00bb25px|0px|25px|0px\u00bb][et_pb_row _builder_version=\u00bb4.4.8&#8243;][et_pb_column type=\u00bb4_4&#8243; _builder_version=\u00bb3.25&#8243; custom_padding=\u00bb|||\u00bb custom_padding__hover=\u00bb|||\u00bb][et_pb_text _builder_version=\u00bb4.9.4&#8243;]<\/p>\n<h1><strong>Proyectos L\u00ednea 2 SOIB Orientaci\u00f3 Plus (personas de 30 a\u00f1os o m\u00e1s, en desempleo de larga duraci\u00f3n)<\/strong><\/h1>\n<p>[\/et_pb_text][\/et_pb_column][\/et_pb_row][\/et_pb_section][et_pb_section fb_built=\u00bb1&#8243; module_id=\u00bbconvocatoris\u00bb _builder_version=\u00bb4.5.1&#8243; custom_padding=\u00bb12px|0px|20px|0px\u00bb][et_pb_row column_structure=\u00bb1_4,1_4,1_4,1_4&#8243; disabled_on=\u00bboff|off|off\u00bb _builder_version=\u00bb4.4.1&#8243; custom_padding=\u00bb1px|0px|25px|0px\u00bb locked=\u00bboff\u00bb][et_pb_column type=\u00bb1_4&#8243; _builder_version=\u00bb4.4.1&#8243; custom_padding=\u00bb|||\u00bb custom_padding__hover=\u00bb|||\u00bb][et_pb_blurb title=\u00bbAjuntament de Manacor\u00bb url=\u00bbhttps:\/\/soib.es\/wp-content\/uploads\/2022\/09\/Difusio-SOIB-Fitxa-AjManacor-30-PTV-05-22.pdf\u00bb url_new_window=\u00bbon\u00bb use_icon=\u00bbon\u00bb font_icon=\u00bb%%79%%\u00bb use_circle=\u00bbon\u00bb circle_color=\u00bb#DE2451&#8243; icon_placement=\u00bbleft\u00bb _builder_version=\u00bb4.9.4&#8243; header_font=\u00bb|600|||||||\u00bb header_font_size=\u00bb14px\u00bb background_color=\u00bb#f9f9f9&#8243; custom_margin=\u00bb0px|0px|10px|0px\u00bb custom_padding=\u00bb20px|10px|10px|10px\u00bb link_option_url_new_window=\u00bbon\u00bb border_width_all=\u00bb1px\u00bb border_color_all=\u00bb#dddddd\u00bb]<\/p>\n<p><span style=\"display: none;\">SENSE DATA &#8211; AL FINAL<\/span><\/p>\n<p>[\/et_pb_blurb][et_pb_blurb title=\u00bbAjuntament de Santa Eul\u00e0ria des Riu\u00bb url=\u00bbhttps:\/\/soib.es\/wp-content\/uploads\/2022\/06\/Fitxa-PTV-03-22-Aj.-Sta-Eularia.pdf\u00bb url_new_window=\u00bbon\u00bb use_icon=\u00bbon\u00bb font_icon=\u00bb%%79%%\u00bb use_circle=\u00bbon\u00bb circle_color=\u00bb#DE2451&#8243; icon_placement=\u00bbleft\u00bb _builder_version=\u00bb4.9.4&#8243; header_font=\u00bb|600|||||||\u00bb header_font_size=\u00bb14px\u00bb background_color=\u00bb#f9f9f9&#8243; custom_margin=\u00bb0px|0px|10px|0px\u00bb custom_padding=\u00bb20px|10px|10px|10px\u00bb link_option_url_new_window=\u00bbon\u00bb border_width_all=\u00bb1px\u00bb border_color_all=\u00bb#dddddd\u00bb]<\/p>\n<p><span style=\"display: none;\">SENSE DATA &#8211; AL FINAL<\/span><\/p>\n<p>[\/et_pb_blurb][et_pb_blurb title=\u00bbC\u00e0ritas Diocessana de Menorca\u00bb url=\u00bbhttps:\/\/soib.es\/wp-content\/uploads\/2022\/09\/Fitxa-PTV-18-22-Caritas-Menorca.pdf\u00bb url_new_window=\u00bbon\u00bb use_icon=\u00bbon\u00bb font_icon=\u00bb%%79%%\u00bb use_circle=\u00bbon\u00bb circle_color=\u00bb#DE2451&#8243; icon_placement=\u00bbleft\u00bb _builder_version=\u00bb4.9.4&#8243; header_font=\u00bb|600|||||||\u00bb header_font_size=\u00bb14px\u00bb background_color=\u00bb#f9f9f9&#8243; custom_margin=\u00bb0px|0px|10px|0px\u00bb custom_padding=\u00bb20px|10px|10px|10px\u00bb link_option_url_new_window=\u00bbon\u00bb border_width_all=\u00bb1px\u00bb border_color_all=\u00bb#dddddd\u00bb locked=\u00bboff\u00bb]<\/p>\n<p><span style=\"display: none;\">SENSE DATA &#8211; AL FINAL<\/span><\/p>\n<p>[\/et_pb_blurb][\/et_pb_column][et_pb_column type=\u00bb1_4&#8243; _builder_version=\u00bb4.5.2&#8243; _module_preset=\u00bbdefault\u00bb][et_pb_blurb title=\u00bbAjuntament de Ma\u00f3\u00bb url=\u00bbhttps:\/\/soib.es\/wp-content\/uploads\/2022\/06\/Fitxa-PTV-07-22-Aj.-Mao-30.pdf\u00bb url_new_window=\u00bbon\u00bb use_icon=\u00bbon\u00bb font_icon=\u00bb%%79%%\u00bb use_circle=\u00bbon\u00bb circle_color=\u00bb#DE2451&#8243; icon_placement=\u00bbleft\u00bb _builder_version=\u00bb4.9.4&#8243; header_font=\u00bb|600|||||||\u00bb header_font_size=\u00bb14px\u00bb background_color=\u00bb#f9f9f9&#8243; custom_margin=\u00bb0px|0px|10px|0px\u00bb custom_padding=\u00bb20px|10px|10px|10px\u00bb link_option_url_new_window=\u00bbon\u00bb border_width_all=\u00bb1px\u00bb border_color_all=\u00bb#dddddd\u00bb]<\/p>\n<p><span style=\"display: none;\">SENSE DATA &#8211; AL FINAL<\/span><\/p>\n<p>[\/et_pb_blurb][et_pb_blurb title=\u00bbConsell de Formentera (pendiente informaci\u00f3n ampliada)\u00bb url_new_window=\u00bbon\u00bb use_icon=\u00bbon\u00bb font_icon=\u00bb%%79%%\u00bb use_circle=\u00bbon\u00bb circle_color=\u00bb#DE2451&#8243; icon_placement=\u00bbleft\u00bb _builder_version=\u00bb4.9.4&#8243; header_font=\u00bb|600|||||||\u00bb header_font_size=\u00bb14px\u00bb background_color=\u00bb#f9f9f9&#8243; custom_margin=\u00bb0px|0px|10px|0px\u00bb custom_padding=\u00bb20px|10px|10px|10px\u00bb link_option_url_new_window=\u00bbon\u00bb border_width_all=\u00bb1px\u00bb border_color_all=\u00bb#dddddd\u00bb]<\/p>\n<p><span style=\"display: none;\">SENSE DATA &#8211; AL FINAL<\/span><\/p>\n<p>[\/et_pb_blurb][\/et_pb_column][et_pb_column type=\u00bb1_4&#8243; _builder_version=\u00bb4.5.2&#8243; _module_preset=\u00bbdefault\u00bb][et_pb_blurb title=\u00bbAMADIP ESMENT (pendiente informaci\u00f3n ampliada)\u00bb url_new_window=\u00bbon\u00bb use_icon=\u00bbon\u00bb font_icon=\u00bb%%79%%\u00bb use_circle=\u00bbon\u00bb circle_color=\u00bb#DE2451&#8243; icon_placement=\u00bbleft\u00bb _builder_version=\u00bb4.9.4&#8243; header_font=\u00bb|600|||||||\u00bb header_font_size=\u00bb14px\u00bb background_color=\u00bb#f9f9f9&#8243; custom_margin=\u00bb0px|0px|10px|0px\u00bb custom_padding=\u00bb20px|10px|10px|10px\u00bb link_option_url_new_window=\u00bbon\u00bb border_width_all=\u00bb1px\u00bb border_color_all=\u00bb#dddddd\u00bb]<\/p>\n<p><span style=\"display: none;\">SENSE DATA &#8211; AL FINAL<\/span><\/p>\n<p>[\/et_pb_blurb][et_pb_blurb title=\u00bbAPFEM\u00bb url=\u00bbhttps:\/\/soib.es\/wp-content\/uploads\/2022\/06\/Fitxa-PTV-12-22-APFEM-30.pdf\u00bb url_new_window=\u00bbon\u00bb use_icon=\u00bbon\u00bb font_icon=\u00bb%%79%%\u00bb use_circle=\u00bbon\u00bb circle_color=\u00bb#DE2451&#8243; icon_placement=\u00bbleft\u00bb _builder_version=\u00bb4.9.4&#8243; header_font=\u00bb|600|||||||\u00bb header_font_size=\u00bb14px\u00bb background_color=\u00bb#f9f9f9&#8243; custom_margin=\u00bb0px|0px|10px|0px\u00bb custom_padding=\u00bb20px|10px|10px|10px\u00bb link_option_url_new_window=\u00bbon\u00bb border_width_all=\u00bb1px\u00bb border_color_all=\u00bb#dddddd\u00bb]<\/p>\n<p><span style=\"display: none;\">SENSE DATA &#8211; AL FINAL<\/span><\/p>\n<p>[\/et_pb_blurb][\/et_pb_column][et_pb_column type=\u00bb1_4&#8243; _builder_version=\u00bb3.25&#8243; custom_padding=\u00bb|||\u00bb custom_padding__hover=\u00bb|||\u00bb][et_pb_blurb title=\u00bbAjuntament de Calvi\u00e0\u00bb url=\u00bbhttps:\/\/soib.es\/wp-content\/uploads\/2022\/06\/Fitxa-PTV-06-22-Aj.-Calvia-30.pdf\u00bb url_new_window=\u00bbon\u00bb use_icon=\u00bbon\u00bb font_icon=\u00bb%%79%%\u00bb use_circle=\u00bbon\u00bb circle_color=\u00bb#DE2451&#8243; icon_placement=\u00bbleft\u00bb _builder_version=\u00bb4.9.4&#8243; header_font=\u00bb|600|||||||\u00bb header_font_size=\u00bb14px\u00bb background_color=\u00bb#f9f9f9&#8243; custom_margin=\u00bb0px|0px|10px|0px\u00bb custom_padding=\u00bb20px|10px|10px|10px\u00bb link_option_url_new_window=\u00bbon\u00bb border_width_all=\u00bb1px\u00bb border_color_all=\u00bb#dddddd\u00bb]<\/p>\n<p><span style=\"display: none;\">SENSE DATA &#8211; AL FINAL<\/span><\/p>\n<p>[\/et_pb_blurb][et_pb_blurb title=\u00bbFundaci\u00f3 Patronat Obrer de Sant Josep\u00bb url=\u00bbhttps:\/\/soib.es\/wp-content\/uploads\/2022\/06\/Fitxa-PTV-11-22-F.-PATRONAT-OBRER-30.pdf\u00bb url_new_window=\u00bbon\u00bb use_icon=\u00bbon\u00bb font_icon=\u00bb%%79%%\u00bb use_circle=\u00bbon\u00bb circle_color=\u00bb#DE2451&#8243; icon_placement=\u00bbleft\u00bb _builder_version=\u00bb4.9.4&#8243; header_font=\u00bb|600|||||||\u00bb header_font_size=\u00bb14px\u00bb background_color=\u00bb#f9f9f9&#8243; custom_margin=\u00bb0px|0px|10px|0px\u00bb custom_padding=\u00bb20px|10px|10px|10px\u00bb link_option_url_new_window=\u00bbon\u00bb border_width_all=\u00bb1px\u00bb border_color_all=\u00bb#dddddd\u00bb]<\/p>\n<p><span style=\"display: none;\">SENSE DATA &#8211; AL FINAL<\/span><\/p>\n<p>[\/et_pb_blurb][\/et_pb_column][\/et_pb_row][\/et_pb_section][et_pb_section fb_built=\u00bb1&#8243; disabled_on=\u00bbon|on|off\u00bb _builder_version=\u00bb4.9.4&#8243; background_color=\u00bb#f4f5f4&#8243; height=\u00bb10px\u00bb custom_padding=\u00bb0px||0px||true|false\u00bb][\/et_pb_section][et_pb_section fb_built=\u00bb1&#8243; disabled_on=\u00bbon|on|off\u00bb _builder_version=\u00bb4.9.4&#8243; background_color=\u00bb#f4f5f4&#8243; height=\u00bb10px\u00bb custom_padding=\u00bb0px||0px||true|false\u00bb][\/et_pb_section][et_pb_section fb_built=\u00bb1&#8243; disabled_on=\u00bbon|on|off\u00bb _builder_version=\u00bb4.9.4&#8243; background_color=\u00bb#f4f5f4&#8243; height=\u00bb10px\u00bb custom_padding=\u00bb0px||0px||true|false\u00bb][\/et_pb_section]<\/p>\n","protected":false},"excerpt":{"rendered":"<p>[object Object]<\/p>\n","protected":false},"author":13,"featured_media":0,"parent":0,"menu_order":0,"comment_status":"closed","ping_status":"closed","template":"","meta":{"_et_pb_use_builder":"on","_et_pb_old_content":"","_et_gb_content_width":"","footnotes":"","_links_to":"","_links_to_target":""},"class_list":["post-36287","page","type-page","status-publish","hentry"],"publishpress_future_action":{"enabled":false,"date":"2026-05-07 11:06:38","action":"change-status","newStatus":"draft","terms":[],"taxonomy":"translation_priority","extraData":[]},"publishpress_future_workflow_manual_trigger":{"enabledWorkflows":[]},"_links":{"self":[{"href":"https:\/\/soib.es\/es\/wp-json\/wp\/v2\/pages\/36287","targetHints":{"allow":["GET"]}}],"collection":[{"href":"https:\/\/soib.es\/es\/wp-json\/wp\/v2\/pages"}],"about":[{"href":"https:\/\/soib.es\/es\/wp-json\/wp\/v2\/types\/page"}],"author":[{"embeddable":true,"href":"https:\/\/soib.es\/es\/wp-json\/wp\/v2\/users\/13"}],"replies":[{"embeddable":true,"href":"https:\/\/soib.es\/es\/wp-json\/wp\/v2\/comments?post=36287"}],"version-history":[{"count":0,"href":"https:\/\/soib.es\/es\/wp-json\/wp\/v2\/pages\/36287\/revisions"}],"wp:attachment":[{"href":"https:\/\/soib.es\/es\/wp-json\/wp\/v2\/media?parent=36287"}],"curies":[{"name":"wp","href":"https:\/\/api.w.org\/{rel}","templated":true}]}}

Proyectos Línea 2 SOIB Orientació Plus (personas de 30 años o más, desempleadas de larga duración)

<p>[et_pb_section fb_built=»1&#8243; _builder_version=»4.4.2&#8243; background_color=»#f7f7f7&#8243; custom_padding=»25px|0px|25px|0px»][et_pb_row _builder_version=»4.4.8&#8243;][et_pb_column type=»4_4&#8243; _builder_version=»3.25&#8243; custom_padding=»|||» custom_padding__hover=»|||»][et_pb_text _builder_version=»4.9.4&#8243;]</p>
<h1><strong>Proyectos Línea 2 SOIB Orientació Plus (personas de 30 años o más, en desempleo de larga duración)</strong></h1>
<p>[/et_pb_text][/et_pb_column][/et_pb_row][/et_pb_section][et_pb_section fb_built=»1&#8243; module_id=»convocatoris» _builder_version=»4.5.1&#8243; custom_padding=»12px|0px|20px|0px»][et_pb_row column_structure=»1_4,1_4,1_4,1_4&#8243; disabled_on=»off|off|off» _builder_version=»4.4.1&#8243; custom_padding=»1px|0px|25px|0px» locked=»off»][et_pb_column type=»1_4&#8243; _builder_version=»4.4.1&#8243; custom_padding=»|||» custom_padding__hover=»|||»][et_pb_blurb title=»Ajuntament de Manacor» url=»https://soib.es/wp-content/uploads/2022/09/Difusio-SOIB-Fitxa-AjManacor-30-PTV-05-22.pdf» url_new_window=»on» use_icon=»on» font_icon=»%%79%%» use_circle=»on» circle_color=»#DE2451&#8243; icon_placement=»left» _builder_version=»4.9.4&#8243; header_font=»|600|||||||» header_font_size=»14px» background_color=»#f9f9f9&#8243; custom_margin=»0px|0px|10px|0px» custom_padding=»20px|10px|10px|10px» link_option_url_new_window=»on» border_width_all=»1px» border_color_all=»#dddddd»]</p>
<p><span style="display: none;">SENSE DATA &#8211; AL FINAL</span></p>
<p>[/et_pb_blurb][et_pb_blurb title=»Ajuntament de Santa Eulària des Riu» url=»https://soib.es/wp-content/uploads/2022/06/Fitxa-PTV-03-22-Aj.-Sta-Eularia.pdf» url_new_window=»on» use_icon=»on» font_icon=»%%79%%» use_circle=»on» circle_color=»#DE2451&#8243; icon_placement=»left» _builder_version=»4.9.4&#8243; header_font=»|600|||||||» header_font_size=»14px» background_color=»#f9f9f9&#8243; custom_margin=»0px|0px|10px|0px» custom_padding=»20px|10px|10px|10px» link_option_url_new_window=»on» border_width_all=»1px» border_color_all=»#dddddd»]</p>
<p><span style="display: none;">SENSE DATA &#8211; AL FINAL</span></p>
<p>[/et_pb_blurb][et_pb_blurb title=»Càritas Diocessana de Menorca» url=»https://soib.es/wp-content/uploads/2022/09/Fitxa-PTV-18-22-Caritas-Menorca.pdf» url_new_window=»on» use_icon=»on» font_icon=»%%79%%» use_circle=»on» circle_color=»#DE2451&#8243; icon_placement=»left» _builder_version=»4.9.4&#8243; header_font=»|600|||||||» header_font_size=»14px» background_color=»#f9f9f9&#8243; custom_margin=»0px|0px|10px|0px» custom_padding=»20px|10px|10px|10px» link_option_url_new_window=»on» border_width_all=»1px» border_color_all=»#dddddd» locked=»off»]</p>
<p><span style="display: none;">SENSE DATA &#8211; AL FINAL</span></p>
<p>[/et_pb_blurb][/et_pb_column][et_pb_column type=»1_4&#8243; _builder_version=»4.5.2&#8243; _module_preset=»default»][et_pb_blurb title=»Ajuntament de Maó» url=»https://soib.es/wp-content/uploads/2022/06/Fitxa-PTV-07-22-Aj.-Mao-30.pdf» url_new_window=»on» use_icon=»on» font_icon=»%%79%%» use_circle=»on» circle_color=»#DE2451&#8243; icon_placement=»left» _builder_version=»4.9.4&#8243; header_font=»|600|||||||» header_font_size=»14px» background_color=»#f9f9f9&#8243; custom_margin=»0px|0px|10px|0px» custom_padding=»20px|10px|10px|10px» link_option_url_new_window=»on» border_width_all=»1px» border_color_all=»#dddddd»]</p>
<p><span style="display: none;">SENSE DATA &#8211; AL FINAL</span></p>
<p>[/et_pb_blurb][et_pb_blurb title=»Consell de Formentera (pendiente información ampliada)» url_new_window=»on» use_icon=»on» font_icon=»%%79%%» use_circle=»on» circle_color=»#DE2451&#8243; icon_placement=»left» _builder_version=»4.9.4&#8243; header_font=»|600|||||||» header_font_size=»14px» background_color=»#f9f9f9&#8243; custom_margin=»0px|0px|10px|0px» custom_padding=»20px|10px|10px|10px» link_option_url_new_window=»on» border_width_all=»1px» border_color_all=»#dddddd»]</p>
<p><span style="display: none;">SENSE DATA &#8211; AL FINAL</span></p>
<p>[/et_pb_blurb][/et_pb_column][et_pb_column type=»1_4&#8243; _builder_version=»4.5.2&#8243; _module_preset=»default»][et_pb_blurb title=»AMADIP ESMENT (pendiente información ampliada)» url_new_window=»on» use_icon=»on» font_icon=»%%79%%» use_circle=»on» circle_color=»#DE2451&#8243; icon_placement=»left» _builder_version=»4.9.4&#8243; header_font=»|600|||||||» header_font_size=»14px» background_color=»#f9f9f9&#8243; custom_margin=»0px|0px|10px|0px» custom_padding=»20px|10px|10px|10px» link_option_url_new_window=»on» border_width_all=»1px» border_color_all=»#dddddd»]</p>
<p><span style="display: none;">SENSE DATA &#8211; AL FINAL</span></p>
<p>[/et_pb_blurb][et_pb_blurb title=»APFEM» url=»https://soib.es/wp-content/uploads/2022/06/Fitxa-PTV-12-22-APFEM-30.pdf» url_new_window=»on» use_icon=»on» font_icon=»%%79%%» use_circle=»on» circle_color=»#DE2451&#8243; icon_placement=»left» _builder_version=»4.9.4&#8243; header_font=»|600|||||||» header_font_size=»14px» background_color=»#f9f9f9&#8243; custom_margin=»0px|0px|10px|0px» custom_padding=»20px|10px|10px|10px» link_option_url_new_window=»on» border_width_all=»1px» border_color_all=»#dddddd»]</p>
<p><span style="display: none;">SENSE DATA &#8211; AL FINAL</span></p>
<p>[/et_pb_blurb][/et_pb_column][et_pb_column type=»1_4&#8243; _builder_version=»3.25&#8243; custom_padding=»|||» custom_padding__hover=»|||»][et_pb_blurb title=»Ajuntament de Calvià» url=»https://soib.es/wp-content/uploads/2022/06/Fitxa-PTV-06-22-Aj.-Calvia-30.pdf» url_new_window=»on» use_icon=»on» font_icon=»%%79%%» use_circle=»on» circle_color=»#DE2451&#8243; icon_placement=»left» _builder_version=»4.9.4&#8243; header_font=»|600|||||||» header_font_size=»14px» background_color=»#f9f9f9&#8243; custom_margin=»0px|0px|10px|0px» custom_padding=»20px|10px|10px|10px» link_option_url_new_window=»on» border_width_all=»1px» border_color_all=»#dddddd»]</p>
<p><span style="display: none;">SENSE DATA &#8211; AL FINAL</span></p>
<p>[/et_pb_blurb][et_pb_blurb title=»Fundació Patronat Obrer de Sant Josep» url=»https://soib.es/wp-content/uploads/2022/06/Fitxa-PTV-11-22-F.-PATRONAT-OBRER-30.pdf» url_new_window=»on» use_icon=»on» font_icon=»%%79%%» use_circle=»on» circle_color=»#DE2451&#8243; icon_placement=»left» _builder_version=»4.9.4&#8243; header_font=»|600|||||||» header_font_size=»14px» background_color=»#f9f9f9&#8243; custom_margin=»0px|0px|10px|0px» custom_padding=»20px|10px|10px|10px» link_option_url_new_window=»on» border_width_all=»1px» border_color_all=»#dddddd»]</p>
<p><span style="display: none;">SENSE DATA &#8211; AL FINAL</span></p>
<p>[/et_pb_blurb][/et_pb_column][/et_pb_row][/et_pb_section][et_pb_section fb_built=»1&#8243; disabled_on=»on|on|off» _builder_version=»4.9.4&#8243; background_color=»#f4f5f4&#8243; height=»10px» custom_padding=»0px||0px||true|false»][/et_pb_section][et_pb_section fb_built=»1&#8243; disabled_on=»on|on|off» _builder_version=»4.9.4&#8243; background_color=»#f4f5f4&#8243; height=»10px» custom_padding=»0px||0px||true|false»][/et_pb_section][et_pb_section fb_built=»1&#8243; disabled_on=»on|on|off» _builder_version=»4.9.4&#8243; background_color=»#f4f5f4&#8243; height=»10px» custom_padding=»0px||0px||true|false»][/et_pb_section]</p>
