{"id":26929,"date":"2021-02-10T14:09:37","date_gmt":"2021-02-10T13:09:37","guid":{"rendered":"https:\/\/soib.es\/foment-ocupacio\/"},"modified":"2021-02-11T15:55:44","modified_gmt":"2021-02-11T14:55:44","slug":"foment-ocupacio","status":"publish","type":"page","link":"https:\/\/soib.es\/es\/foment-ocupacio\/","title":{"rendered":"Fomento del empleo"},"content":{"rendered":"<p>[et_pb_section fb_built=\u00bb1&#8243; _builder_version=\u00bb3.22&#8243; background_color=\u00bb#f7f7f7&#8243; custom_padding=\u00bb25px|0px|25px|0px\u00bb][et_pb_row _builder_version=\u00bb3.25&#8243;][et_pb_column type=\u00bb4_4&#8243; _builder_version=\u00bb3.25&#8243; custom_padding=\u00bb|||\u00bb custom_padding__hover=\u00bb|||\u00bb][et_pb_text _builder_version=\u00bb4.8.2&#8243; hover_enabled=\u00bb0&#8243; sticky_enabled=\u00bb0&#8243;]<\/p>\n<h1><strong>Fomento del empleo<br \/><\/strong><\/h1>\n<p>[\/et_pb_text][\/et_pb_column][\/et_pb_row][\/et_pb_section][et_pb_section fb_built=\u00bb1&#8243; _builder_version=\u00bb3.22&#8243; custom_padding=\u00bb20px|0px|54px|0px\u00bb][et_pb_row _builder_version=\u00bb3.25&#8243;][et_pb_column type=\u00bb4_4&#8243; _builder_version=\u00bb3.25&#8243; custom_padding=\u00bb|||\u00bb custom_padding__hover=\u00bb|||\u00bb][et_pb_text _builder_version=\u00bb4.8.2&#8243; hover_enabled=\u00bb0&#8243; sticky_enabled=\u00bb0&#8243;]<\/p>\n<p>El SOIB, a trav\u00e9s de convocatorias de subvenciones, fomenta el empleo de colectivos definidos como prioritarios: las personas paradas de larga duraci\u00f3n, los j\u00f3venes, las v\u00edctimas de violencia machista, etc.<\/p>\n<p>A partir de estos programas, el SOIB subvenciona los costes de contrataci\u00f3n de estas personas, que durante un periodo limitado de tiempo, trabajan en un proyecto que presenta la entidad.<\/p>\n<p>A las convocatorias de contrataci\u00f3n, que conforman los programas de fomento, se pueden presentar las corporaciones locales, el sector p\u00fablico instrumental, las organizaciones sin \u00e1nimo de lucro y las entidades del tercer sector. Cada convocatoria tiene unos requisitos espec\u00edficos y todas se pueden consultar en la pesta\u00f1a <a href=\"https:\/\/soib.es\/es\/convocatorias\/\" target=\"_blank\" rel=\"noopener\"><span style=\"color: #cb023e;\">\u00abConvocatorias\u00bb<\/span><\/a>.<\/p>\n<p>[\/et_pb_text][\/et_pb_column][\/et_pb_row][\/et_pb_section][et_pb_section fb_built=\u00bb1&#8243; disabled_on=\u00bbon|off|on\u00bb _builder_version=\u00bb3.22&#8243; background_color=\u00bb#df1f4f\u00bb custom_padding=\u00bb20px|0px|0px|0px\u00bb][et_pb_row _builder_version=\u00bb3.25&#8243; custom_padding=\u00bb0px|0px|27px|0px\u00bb][et_pb_column type=\u00bb4_4&#8243; _builder_version=\u00bb3.25&#8243; custom_padding=\u00bb|||\u00bb custom_padding__hover=\u00bb|||\u00bb][et_pb_text _builder_version=\u00bb3.27.4&#8243; custom_css_main_element=\u00bbwidth: 150%;\u00bb]<\/p>\n<p style=\"color: #fff\">Servei d&#8217;Ocupaci\u00f3 de les Illes Balears (SOIB):<\/p>\n<p style=\"color: #fff\">Cam\u00ed vell de Bunyola, 43, 1\u00ba &#8211; Edifici rotonda Asima<\/p>\n<p style=\"color: #fff\">Pol\u00edgon de son Castell\u00f3 &#8211; 07009 Palma<\/p>\n<p style=\"color: #fff\">Tel\u00e8fon <a style=\"color: #fff;\" href=\"tel:+34971784991\">971784991<\/a> &#8211; Fax 971784942<\/p>\n<p>[\/et_pb_text][et_pb_image src=\u00bbhttps:\/\/soib.es\/wp-content\/uploads\/2018\/04\/ue3.gif\u00bb align_tablet=\u00bbcenter\u00bb align_phone=\u00bb\u00bb align_last_edited=\u00bbon|desktop\u00bb _builder_version=\u00bb3.23&#8243; max_width=\u00bb50%\u00bb module_alignment=\u00bbcenter\u00bb][\/et_pb_image][et_pb_blurb url=\u00bbhttps:\/\/twitter.com\/soibinfo?lang=es\u00bb use_icon=\u00bbon\u00bb font_icon=\u00bb%%292%%\u00bb icon_color=\u00bb#df1f4f\u00bb use_circle=\u00bbon\u00bb icon_placement=\u00bbleft\u00bb use_icon_font_size=\u00bbon\u00bb _builder_version=\u00bb3.0.82&#8243; animation=\u00bboff\u00bb custom_css_main_element=\u00bbfloat: right;\u00bb][\/et_pb_blurb][et_pb_blurb url=\u00bbhttps:\/\/www.facebook.com\/SOIBINFO\/\u00bb use_icon=\u00bbon\u00bb font_icon=\u00bb%%291%%\u00bb icon_color=\u00bb#df1f4f\u00bb use_circle=\u00bbon\u00bb icon_placement=\u00bbleft\u00bb _builder_version=\u00bb3.0.82&#8243; animation=\u00bboff\u00bb][\/et_pb_blurb][\/et_pb_column][\/et_pb_row][\/et_pb_section][et_pb_section fb_built=\u00bb1&#8243; disabled_on=\u00bboff|on|on\u00bb _builder_version=\u00bb3.22&#8243; background_color=\u00bb#df1f4f\u00bb][et_pb_row _builder_version=\u00bb3.25&#8243; custom_padding=\u00bb15px|0px|0px|0px\u00bb][et_pb_column type=\u00bb4_4&#8243; _builder_version=\u00bb3.25&#8243; custom_padding=\u00bb|||\u00bb custom_padding__hover=\u00bb|||\u00bb][et_pb_text _builder_version=\u00bb3.27.4&#8243;]<\/p>\n<p style=\"color: #fff;\">Servei d&#8217;Ocupaci\u00f3 de les Illes Balears (SOIB):<\/p>\n<p style=\"color: #fff;\">Cam\u00ed Vell de Bunyola, 43, 1\u00aa &#8211; edifici rotonda Asima<\/p>\n<p style=\"color: #fff;\">Pol\u00edgon de son Castell\u00f3 &#8211; 07009 Palma<\/p>\n<p style=\"color: #fff;\">Tel\u00e8fon 971784991 &#8211; Fax 971784942<\/p>\n<p>[\/et_pb_text][\/et_pb_column][\/et_pb_row][et_pb_row _builder_version=\u00bb3.25&#8243; custom_padding=\u00bb15px|0px|0px|0px\u00bb][et_pb_column type=\u00bb4_4&#8243; _builder_version=\u00bb3.25&#8243; custom_padding=\u00bb|||\u00bb custom_padding__hover=\u00bb|||\u00bb][et_pb_image src=\u00bbhttps:\/\/soib.es\/wp-content\/uploads\/2018\/04\/ue3.gif\u00bb align_tablet=\u00bbcenter\u00bb align_phone=\u00bb\u00bb align_last_edited=\u00bbon|desktop\u00bb _builder_version=\u00bb3.23&#8243; max_width=\u00bb50%\u00bb][\/et_pb_image][\/et_pb_column][\/et_pb_row][et_pb_row _builder_version=\u00bb3.25&#8243; custom_padding=\u00bb0px|0px|0px|0px\u00bb][et_pb_column type=\u00bb4_4&#8243; _builder_version=\u00bb3.25&#8243; custom_padding=\u00bb|||\u00bb custom_padding__hover=\u00bb|||\u00bb][et_pb_blurb url=\u00bbhttps:\/\/www.facebook.com\/SOIBINFO\/\u00bb use_icon=\u00bbon\u00bb font_icon=\u00bb%%291%%\u00bb icon_color=\u00bb#df1f4f\u00bb use_circle=\u00bbon\u00bb icon_placement=\u00bbleft\u00bb _builder_version=\u00bb3.0.82&#8243; animation=\u00bboff\u00bb][\/et_pb_blurb][et_pb_blurb url=\u00bbhttps:\/\/twitter.com\/soibinfo?lang=es\u00bb use_icon=\u00bbon\u00bb font_icon=\u00bb%%292%%\u00bb icon_color=\u00bb#df1f4f\u00bb use_circle=\u00bbon\u00bb icon_placement=\u00bbleft\u00bb _builder_version=\u00bb3.0.82&#8243; animation=\u00bboff\u00bb][\/et_pb_blurb][\/et_pb_column][\/et_pb_row][\/et_pb_section]<\/p>\n","protected":false},"excerpt":{"rendered":"<p>Fomento del empleoEl SOIB, a trav\u00e9s de convocatorias de subvenciones, fomenta el empleo de colectivos definidos como prioritarios: las personas paradas de larga duraci\u00f3n, los j\u00f3venes, las v\u00edctimas de violencia machista, etc. A partir de estos programas, el SOIB subvenciona los costes de contrataci\u00f3n de estas personas, que durante un periodo limitado de tiempo, trabajan [&hellip;]<\/p>\n","protected":false},"author":13,"featured_media":0,"parent":0,"menu_order":0,"comment_status":"closed","ping_status":"closed","template":"","meta":{"_et_pb_use_builder":"on","_et_pb_old_content":"","_et_gb_content_width":"","footnotes":"","_links_to":"","_links_to_target":""},"class_list":["post-26929","page","type-page","status-publish","hentry"],"publishpress_future_action":{"enabled":false,"date":"2026-05-07 06:53:31","action":"change-status","newStatus":"draft","terms":[],"taxonomy":"translation_priority","extraData":[]},"publishpress_future_workflow_manual_trigger":{"enabledWorkflows":[]},"_links":{"self":[{"href":"https:\/\/soib.es\/es\/wp-json\/wp\/v2\/pages\/26929","targetHints":{"allow":["GET"]}}],"collection":[{"href":"https:\/\/soib.es\/es\/wp-json\/wp\/v2\/pages"}],"about":[{"href":"https:\/\/soib.es\/es\/wp-json\/wp\/v2\/types\/page"}],"author":[{"embeddable":true,"href":"https:\/\/soib.es\/es\/wp-json\/wp\/v2\/users\/13"}],"replies":[{"embeddable":true,"href":"https:\/\/soib.es\/es\/wp-json\/wp\/v2\/comments?post=26929"}],"version-history":[{"count":0,"href":"https:\/\/soib.es\/es\/wp-json\/wp\/v2\/pages\/26929\/revisions"}],"wp:attachment":[{"href":"https:\/\/soib.es\/es\/wp-json\/wp\/v2\/media?parent=26929"}],"curies":[{"name":"wp","href":"https:\/\/api.w.org\/{rel}","templated":true}]}}

<p>[et_pb_section fb_built=»1&#8243; _builder_version=»3.22&#8243; background_color=»#f7f7f7&#8243; custom_padding=»25px|0px|25px|0px»][et_pb_row _builder_version=»3.25&#8243;][et_pb_column type=»4_4&#8243; _builder_version=»3.25&#8243; custom_padding=»|||» custom_padding__hover=»|||»][et_pb_text _builder_version=»4.8.2&#8243; hover_enabled=»0&#8243; sticky_enabled=»0&#8243;]</p>
<h1><strong>Fomento del empleo<br /></strong></h1>
<p>[/et_pb_text][/et_pb_column][/et_pb_row][/et_pb_section][et_pb_section fb_built=»1&#8243; _builder_version=»3.22&#8243; custom_padding=»20px|0px|54px|0px»][et_pb_row _builder_version=»3.25&#8243;][et_pb_column type=»4_4&#8243; _builder_version=»3.25&#8243; custom_padding=»|||» custom_padding__hover=»|||»][et_pb_text _builder_version=»4.8.2&#8243; hover_enabled=»0&#8243; sticky_enabled=»0&#8243;]</p>
<p>El SOIB, a través de convocatorias de subvenciones, fomenta el empleo de colectivos definidos como prioritarios: las personas paradas de larga duración, los jóvenes, las víctimas de violencia machista, etc.</p>
<p>A partir de estos programas, el SOIB subvenciona los costes de contratación de estas personas, que durante un periodo limitado de tiempo, trabajan en un proyecto que presenta la entidad.</p>
<p>A las convocatorias de contratación, que conforman los programas de fomento, se pueden presentar las corporaciones locales, el sector público instrumental, las organizaciones sin ánimo de lucro y las entidades del tercer sector. Cada convocatoria tiene unos requisitos específicos y todas se pueden consultar en la pestaña <a href="https://soib.es/es/convocatorias/" target="_blank" rel="noopener"><span style="color: #cb023e;">«Convocatorias»</span></a>.</p>
<p>[/et_pb_text][/et_pb_column][/et_pb_row][/et_pb_section][et_pb_section fb_built=»1&#8243; disabled_on=»on|off|on» _builder_version=»3.22&#8243; background_color=»#df1f4f» custom_padding=»20px|0px|0px|0px»][et_pb_row _builder_version=»3.25&#8243; custom_padding=»0px|0px|27px|0px»][et_pb_column type=»4_4&#8243; _builder_version=»3.25&#8243; custom_padding=»|||» custom_padding__hover=»|||»][et_pb_text _builder_version=»3.27.4&#8243; custom_css_main_element=»width: 150%;»]</p>
<p style="color: #fff">Servei d&#8217;Ocupació de les Illes Balears (SOIB):</p>
<p style="color: #fff">Camí vell de Bunyola, 43, 1º &#8211; Edifici rotonda Asima</p>
<p style="color: #fff">Polígon de son Castelló &#8211; 07009 Palma</p>
<p style="color: #fff">Telèfon <a style="color: #fff;" href="tel:+34971784991">971784991</a> &#8211; Fax 971784942</p>
<p>[/et_pb_text][et_pb_image src=»https://soib.es/wp-content/uploads/2018/04/ue3.gif» align_tablet=»center» align_phone=»» align_last_edited=»on|desktop» _builder_version=»3.23&#8243; max_width=»50%» module_alignment=»center»][/et_pb_image][et_pb_blurb url=»https://twitter.com/soibinfo?lang=es» use_icon=»on» font_icon=»%%292%%» icon_color=»#df1f4f» use_circle=»on» icon_placement=»left» use_icon_font_size=»on» _builder_version=»3.0.82&#8243; animation=»off» custom_css_main_element=»float: right;»][/et_pb_blurb][et_pb_blurb url=»https://www.facebook.com/SOIBINFO/» use_icon=»on» font_icon=»%%291%%» icon_color=»#df1f4f» use_circle=»on» icon_placement=»left» _builder_version=»3.0.82&#8243; animation=»off»][/et_pb_blurb][/et_pb_column][/et_pb_row][/et_pb_section][et_pb_section fb_built=»1&#8243; disabled_on=»off|on|on» _builder_version=»3.22&#8243; background_color=»#df1f4f»][et_pb_row _builder_version=»3.25&#8243; custom_padding=»15px|0px|0px|0px»][et_pb_column type=»4_4&#8243; _builder_version=»3.25&#8243; custom_padding=»|||» custom_padding__hover=»|||»][et_pb_text _builder_version=»3.27.4&#8243;]</p>
<p style="color: #fff;">Servei d&#8217;Ocupació de les Illes Balears (SOIB):</p>
<p style="color: #fff;">Camí Vell de Bunyola, 43, 1ª &#8211; edifici rotonda Asima</p>
<p style="color: #fff;">Polígon de son Castelló &#8211; 07009 Palma</p>
<p style="color: #fff;">Telèfon 971784991 &#8211; Fax 971784942</p>
<p>[/et_pb_text][/et_pb_column][/et_pb_row][et_pb_row _builder_version=»3.25&#8243; custom_padding=»15px|0px|0px|0px»][et_pb_column type=»4_4&#8243; _builder_version=»3.25&#8243; custom_padding=»|||» custom_padding__hover=»|||»][et_pb_image src=»https://soib.es/wp-content/uploads/2018/04/ue3.gif» align_tablet=»center» align_phone=»» align_last_edited=»on|desktop» _builder_version=»3.23&#8243; max_width=»50%»][/et_pb_image][/et_pb_column][/et_pb_row][et_pb_row _builder_version=»3.25&#8243; custom_padding=»0px|0px|0px|0px»][et_pb_column type=»4_4&#8243; _builder_version=»3.25&#8243; custom_padding=»|||» custom_padding__hover=»|||»][et_pb_blurb url=»https://www.facebook.com/SOIBINFO/» use_icon=»on» font_icon=»%%291%%» icon_color=»#df1f4f» use_circle=»on» icon_placement=»left» _builder_version=»3.0.82&#8243; animation=»off»][/et_pb_blurb][et_pb_blurb url=»https://twitter.com/soibinfo?lang=es» use_icon=»on» font_icon=»%%292%%» icon_color=»#df1f4f» use_circle=»on» icon_placement=»left» _builder_version=»3.0.82&#8243; animation=»off»][/et_pb_blurb][/et_pb_column][/et_pb_row][/et_pb_section]</p>

<p>Fomento del empleoEl SOIB, a través de convocatorias de subvenciones, fomenta el empleo de colectivos definidos como prioritarios: las personas paradas de larga duración, los jóvenes, las víctimas de violencia machista, etc. A partir de estos programas, el SOIB subvenciona los costes de contratación de estas personas, que durante un periodo limitado de tiempo, trabajan [&hellip;]</p>
