{"id":2391,"date":"2018-01-18T11:48:59","date_gmt":"2018-01-18T10:48:59","guid":{"rendered":"https:\/\/soib.es\/informe-de-ejecucion-del-plan-anual-de-evaluacion-de-la-calidad-impacto-eficacia-y-eficiencia-del-conjunto-del-subsistema-de-formacion-profesional-para-el-empleo-sepe\/"},"modified":"2018-06-12T08:31:56","modified_gmt":"2018-06-12T06:31:56","slug":"informe-de-ejecucion-del-plan-anual-de-evaluacion-de-la-calidad-impacto-eficacia-y-eficiencia-del-conjunto-del-subsistema-de-formacion-profesional-para-el-empleo-sepe","status":"publish","type":"page","link":"https:\/\/soib.es\/es\/informe-de-ejecucion-del-plan-anual-de-evaluacion-de-la-calidad-impacto-eficacia-y-eficiencia-del-conjunto-del-subsistema-de-formacion-profesional-para-el-empleo-sepe\/","title":{"rendered":"Informe de ejecucion del Plan anual de evaluaci\u00f3n de la calidad, impacto, eficacia y eficiencia del conjunto del subsistema de formaci\u00f3n profesional para el empleo (SEPE)"},"content":{"rendered":"<p>[et_pb_section fb_built=\u00bb1&#8243; background_color=\u00bb#f7f7f7&#8243; _builder_version=\u00bb3.0.99&#8243; custom_padding=\u00bb25px|0px|25px|0px\u00bb][et_pb_row _builder_version=\u00bb3.0.82&#8243;][et_pb_column type=\u00bb4_4&#8243; _builder_version=\u00bb3.0.82&#8243; parallax=\u00bboff\u00bb parallax_method=\u00bbon\u00bb][et_pb_text _builder_version=\u00bb3.0.99&#8243;]<\/p>\n<h1><strong>Informe de Ejecucion del Plan Anual de Evaluaci\u00f3n de la Calidad, Impacto, Eficacia y Eficiencia del Conjunto del Subsistema de Formaci\u00f3n Profesional para el Empleo (SEPE)<\/strong><\/h1>\n<p>[\/et_pb_text][\/et_pb_column][\/et_pb_row][\/et_pb_section][et_pb_section fb_built=\u00bb1&#8243; _builder_version=\u00bb3.0.47&#8243; custom_padding=\u00bb25px|0px|54px|0px\u00bb][et_pb_row _builder_version=\u00bb3.0.82&#8243;][et_pb_column type=\u00bb4_4&#8243; _builder_version=\u00bb3.0.82&#8243; parallax=\u00bboff\u00bb parallax_method=\u00bbon\u00bb][et_pb_text _builder_version=\u00bb3.0.99&#8243;]<\/p>\n<p><span>Tal com especifica el\u00a0<\/span><strong>RD 395\/2007, de 23 de marzo, por el que se regula el subsistema de formaci\u00f3n profesional para el empleo<span>\u00a0<\/span><\/strong><span>el subsistema de formaci\u00f3n profesional para el empleo, est\u00e1 integrado por el conjunto de instrumentos y acciones que tienen por objeto impulsar y extender entre las empresas y los trabajadores ocupados y desempleados una formaci\u00f3n que responda a sus necesidades y contribuya al desarrollo de una econom\u00eda basada en el conocimiento.<\/span><\/p>\n<p><span>Este RD dedica el\u00a0<strong>cap\u00edtulo V a la calidad, evaluaci\u00f3n, seguimiento y control de la formaci\u00f3n<\/strong>, as\u00ed en el arte. 36.2 especifica que las administraciones p\u00fablicas competentes promover\u00e1n, en sus respectivos \u00e1mbitos, la mejora de la calidad de la formaci\u00f3n profesional para el empleo, en cuanto a contenidos, duraci\u00f3n, profesorado e instalaciones, as\u00ed como medici\u00f3n de sus resultados . El arte. 37 se centra en <em>la Evaluaci\u00f3n del subsistema de formaci\u00f3n profesional para el empleo.<\/em>: Estableciendo que, en el marco del Sistema Nacional de Empleo, el Servicio P\u00fablico de Empleo Estatal y los \u00f3rganos competentes de las comunidades aut\u00f3nomas, deben evaluar el impacto de la formaci\u00f3n realizada en el acceso y mantenimiento del empleo, y en la mejora de la competitividad de las empresas, la eficacia del sistema en cuanto al alcance de la formaci\u00f3n y la adecuaci\u00f3n de las acciones a las necesidades del mercado laboral y de las empresas, as\u00ed como el eficiencia de los recursos econ\u00f3micos y medios utilizados.<\/span><\/p>\n<p>Los SOIB participa en el grupo de trabajo para la elaboraci\u00f3n del\u00a0<strong><em>Plan anual de evaluaci\u00f3n de la Calidad, Impacto, Eficacia y Eficiencia del conjunto de subsistema de formaci\u00f3n profesional para el empleo<\/em><\/strong>. Actualmente el SEPE est\u00e1 elaborando el informe de evaluaci\u00f3n correspondiente a los a\u00f1os 2012-2013<\/p>\n<p>[\/et_pb_text][\/et_pb_column][\/et_pb_row][et_pb_row _builder_version=\u00bb3.0.82&#8243;][et_pb_column type=\u00bb2_3&#8243; _builder_version=\u00bb3.0.82&#8243; parallax=\u00bboff\u00bb parallax_method=\u00bbon\u00bb][et_pb_blurb title=\u00bbDocumentos\u00bb use_icon=\u00bbon\u00bb font_icon=\u00bb%%32%%\u00bb icon_color=\u00bb#e01f4e\u00bb icon_placement=\u00bbleft\u00bb use_icon_font_size=\u00bbon\u00bb icon_font_size=\u00bb25px\u00bb _builder_version=\u00bb3.0.99&#8243;]<\/p>\n<p><span style=\"text-decoration: underline;\"><strong><a href=\"https:\/\/soib.es\/wp-content\/uploads\/2017\/12\/2011-Informe-dexecucio-del-Pla-anual-davaluacio-de-la-qualitat-impacto-eficacia-i-eficiencia-del-conjunt-del-subsistema-de-formacio-profesional-per-a-locupacio.pdf\">2011: Informe de ejecuci\u00f3n del Plan anual de evaluaci\u00f3n de la calidad, impacto, eficacia y eficiencia del conjunto de los subsistemas de formaci\u00f3n profesional para el empleo<\/a><\/strong><\/span><\/p>\n<p>[\/et_pb_blurb][\/et_pb_column][et_pb_column type=\u00bb1_3&#8243; _builder_version=\u00bb3.0.82&#8243; parallax=\u00bboff\u00bb parallax_method=\u00bbon\u00bb][\/et_pb_column][\/et_pb_row][\/et_pb_section][et_pb_section fb_built=\u00bb1&#8243; background_color=\u00bb#df1f4f\u00bb disabled_on=\u00bbon|on|off\u00bb _builder_version=\u00bb3.0.82&#8243; custom_padding=\u00bb54px|0px|0px|0px\u00bb][et_pb_row custom_padding=\u00bb0px|0px|27px|0px\u00bb custom_css_main_2=\u00bbmargin-left: -20%;\u00bb custom_css_main_3=\u00bbmargin-left: 32px;\u00bb custom_css_main_4=\u00bbmargin-left: 100px;\u00bb _builder_version=\u00bb3.0.82&#8243;][et_pb_column type=\u00bb1_4&#8243; _builder_version=\u00bb3.0.82&#8243; parallax=\u00bboff\u00bb parallax_method=\u00bbon\u00bb][et_pb_blurb url=\u00bbhttps:\/\/twitter.com\/soibinfo?lang=es\u00bb use_icon=\u00bbon\u00bb font_icon=\u00bb%%292%%\u00bb icon_color=\u00bb#df1f4f\u00bb use_circle=\u00bbon\u00bb icon_placement=\u00bbleft\u00bb use_icon_font_size=\u00bbon\u00bb _builder_version=\u00bb3.0.82&#8243; animation=\u00bboff\u00bb][\/et_pb_blurb][\/et_pb_column][et_pb_column type=\u00bb1_4&#8243; _builder_version=\u00bb3.0.82&#8243; parallax=\u00bboff\u00bb parallax_method=\u00bbon\u00bb custom_css_main=\u00bbmargin-left: -20%;\u00bb][et_pb_blurb url=\u00bbhttps:\/\/www.facebook.com\/SOIBINFO\/\u00bb use_icon=\u00bbon\u00bb font_icon=\u00bb%%291%%\u00bb icon_color=\u00bb#df1f4f\u00bb use_circle=\u00bbon\u00bb icon_placement=\u00bbleft\u00bb _builder_version=\u00bb3.0.82&#8243; animation=\u00bboff\u00bb][\/et_pb_blurb][\/et_pb_column][et_pb_column type=\u00bb1_4&#8243; _builder_version=\u00bb3.0.82&#8243; parallax=\u00bboff\u00bb parallax_method=\u00bbon\u00bb custom_css_main=\u00bbmargin-left: 32px;\u00bb][et_pb_image src=\u00bbhttps:\/\/soib.es\/wp-content\/uploads\/2017\/10\/ue3.gif\u00bb _builder_version=\u00bb3.0.99&#8243; module_alignment=\u00bbleft\u00bb][\/et_pb_image][\/et_pb_column][et_pb_column type=\u00bb1_4&#8243; _builder_version=\u00bb3.0.82&#8243; parallax=\u00bboff\u00bb parallax_method=\u00bbon\u00bb custom_css_main=\u00bbmargin-left: 100px;\u00bb][et_pb_text _builder_version=\u00bb3.0.82&#8243; custom_css_main_element=\u00bbwidth: 150%;\u00bb]<\/p>\n<p style=\"color: #fff; text-align: right;\">Servicio de Ocupaci\u00f3n de las Islas Baleares (SOIB):<\/p>\n<p style=\"color: #fff; text-align: right;\">Cam\u00ed vell de Bunyola, 43, 1\u00ba &#8211; Edificio rotonda Asima<\/p>\n<p style=\"color: #fff; text-align: right;\">Pol\u00edgono de son Castell\u00f3 &#8211; 07009 Palma<\/p>\n<p style=\"color: #fff; text-align: right;\">Tel\u00e9fono <a style=\"color: #fff;\" href=\"tel:+34971784991\">971784991<\/a> &#8211; Fax 971784942<\/p>\n<p>[\/et_pb_text][\/et_pb_column][\/et_pb_row][\/et_pb_section][et_pb_section fb_built=\u00bb1&#8243; background_color=\u00bb#df1f4f\u00bb disabled_on=\u00bbon|off|on\u00bb _builder_version=\u00bb3.0.82&#8243; custom_padding=\u00bb20px|0px|0px|0px\u00bb][et_pb_row custom_padding=\u00bb0px|0px|27px|0px\u00bb custom_css_main_2=\u00bbmargin-left: -225px;\u00bb custom_css_main_3=\u00bbmargin-left: 32px;\u00bb custom_css_main_4=\u00bbmargin-left: 100px;\u00bb _builder_version=\u00bb3.0.82&#8243;][et_pb_column type=\u00bb4_4&#8243; _builder_version=\u00bb3.0.82&#8243; parallax=\u00bboff\u00bb parallax_method=\u00bbon\u00bb][et_pb_text _builder_version=\u00bb3.0.82&#8243; custom_css_main_element=\u00bbwidth: 150%;\u00bb]<\/p>\n<p style=\"color: #fff\">Servicio de Ocupaci\u00f3n de las Islas Baleares (SOIB):<\/p>\n<p style=\"color: #fff\">Cam\u00ed vell de Bunyola, 43, 1\u00ba &#8211; Edificio rotonda Asima<\/p>\n<p style=\"color: #fff\">Pol\u00edgono de son Castell\u00f3 &#8211; 07009 Palma<\/p>\n<p style=\"color: #fff\">Tel\u00e9fono <a style=\"color: #fff;\" href=\"tel:+34971784991\">971784991<\/a> &#8211; Fax 971784942<\/p>\n<p>[\/et_pb_text][et_pb_image src=\u00bbhttps:\/\/soib.es\/wp-content\/uploads\/2017\/10\/ue3.gif\u00bb _builder_version=\u00bb3.0.99&#8243; max_width=\u00bb50%\u00bb module_alignment=\u00bbcenter\u00bb][\/et_pb_image][et_pb_blurb url=\u00bbhttps:\/\/twitter.com\/soibinfo?lang=es\u00bb use_icon=\u00bbon\u00bb font_icon=\u00bb%%292%%\u00bb icon_color=\u00bb#df1f4f\u00bb use_circle=\u00bbon\u00bb icon_placement=\u00bbleft\u00bb use_icon_font_size=\u00bbon\u00bb _builder_version=\u00bb3.0.82&#8243; animation=\u00bboff\u00bb custom_css_main_element=\u00bbfloat: right;\u00bb][\/et_pb_blurb][et_pb_blurb url=\u00bbhttps:\/\/www.facebook.com\/SOIBINFO\/\u00bb use_icon=\u00bbon\u00bb font_icon=\u00bb%%291%%\u00bb icon_color=\u00bb#df1f4f\u00bb use_circle=\u00bbon\u00bb icon_placement=\u00bbleft\u00bb _builder_version=\u00bb3.0.82&#8243; animation=\u00bboff\u00bb][\/et_pb_blurb][\/et_pb_column][\/et_pb_row][\/et_pb_section][et_pb_section fb_built=\u00bb1&#8243; background_color=\u00bb#df1f4f\u00bb disabled_on=\u00bboff|on|on\u00bb _builder_version=\u00bb3.0.82&#8243;][et_pb_row custom_padding=\u00bb15px|0px|0px|0px\u00bb _builder_version=\u00bb3.0.82&#8243;][et_pb_column type=\u00bb4_4&#8243; _builder_version=\u00bb3.0.82&#8243; parallax=\u00bboff\u00bb parallax_method=\u00bbon\u00bb][et_pb_text _builder_version=\u00bb3.0.82&#8243;]<\/p>\n<p style=\"color: #fff;\">Servicio de Ocupaci\u00f3n de las Islas Baleares (SOIB):<\/p>\n<p style=\"color: #fff;\">Cam\u00ed Vell de Bunyola, 43, 1\u00aa &#8211; edificio rotonda Asima<\/p>\n<p style=\"color: #fff;\">Pol\u00edgono de son Castell\u00f3 &#8211; 07009 Palma<\/p>\n<p style=\"color: #fff;\">Tel\u00e9fono 971784991 &#8211; Fax 971784942<\/p>\n<p>[\/et_pb_text][\/et_pb_column][\/et_pb_row][et_pb_row custom_padding=\u00bb15px|0px|0px|0px\u00bb _builder_version=\u00bb3.0.82&#8243;][et_pb_column type=\u00bb4_4&#8243; _builder_version=\u00bb3.0.82&#8243; parallax=\u00bboff\u00bb parallax_method=\u00bbon\u00bb][et_pb_image src=\u00bbhttps:\/\/soib.es\/wp-content\/uploads\/2017\/10\/ue3.gif\u00bb _builder_version=\u00bb3.0.99&#8243; max_width=\u00bb50%\u00bb][\/et_pb_image][\/et_pb_column][\/et_pb_row][et_pb_row custom_padding=\u00bb0px|0px|0px|0px\u00bb _builder_version=\u00bb3.0.82&#8243;][et_pb_column type=\u00bb4_4&#8243; _builder_version=\u00bb3.0.82&#8243; parallax=\u00bboff\u00bb parallax_method=\u00bbon\u00bb][et_pb_blurb url=\u00bbhttps:\/\/www.facebook.com\/SOIBINFO\/\u00bb use_icon=\u00bbon\u00bb font_icon=\u00bb%%291%%\u00bb icon_color=\u00bb#df1f4f\u00bb use_circle=\u00bbon\u00bb icon_placement=\u00bbleft\u00bb _builder_version=\u00bb3.0.82&#8243; animation=\u00bboff\u00bb][\/et_pb_blurb][et_pb_blurb url=\u00bbhttps:\/\/twitter.com\/soibinfo?lang=es\u00bb use_icon=\u00bbon\u00bb font_icon=\u00bb%%292%%\u00bb icon_color=\u00bb#df1f4f\u00bb use_circle=\u00bbon\u00bb icon_placement=\u00bbleft\u00bb _builder_version=\u00bb3.0.82&#8243; animation=\u00bboff\u00bb][\/et_pb_blurb][\/et_pb_column][\/et_pb_row][\/et_pb_section]<\/p>\n","protected":false},"excerpt":{"rendered":"<p>Informe de Ejecucion del Plan Anual de Evaluaci\u00f3n de la Calidad, Impacto, Eficacia y Eficiencia del Conjunto del Subsistema de Formaci\u00f3n Profesional para el Empleo (SEPE)Tal com especifica el\u00a0RD 395\/2007, de 23 de marzo, por el que se regula el subsistema de formaci\u00f3n profesional para el empleo\u00a0el subsistema de formaci\u00f3n profesional para el empleo, est\u00e1 [&hellip;]<\/p>\n","protected":false},"author":1,"featured_media":0,"parent":0,"menu_order":0,"comment_status":"closed","ping_status":"closed","template":"","meta":{"_et_pb_use_builder":"on","_et_pb_old_content":"","_et_gb_content_width":"","footnotes":"","_links_to":"","_links_to_target":""},"class_list":["post-2391","page","type-page","status-publish","hentry"],"publishpress_future_action":{"enabled":false,"date":"2026-05-10 10:50:54","action":"change-status","newStatus":"draft","terms":[],"taxonomy":"translation_priority","extraData":[]},"publishpress_future_workflow_manual_trigger":{"enabledWorkflows":[]},"_links":{"self":[{"href":"https:\/\/soib.es\/es\/wp-json\/wp\/v2\/pages\/2391","targetHints":{"allow":["GET"]}}],"collection":[{"href":"https:\/\/soib.es\/es\/wp-json\/wp\/v2\/pages"}],"about":[{"href":"https:\/\/soib.es\/es\/wp-json\/wp\/v2\/types\/page"}],"author":[{"embeddable":true,"href":"https:\/\/soib.es\/es\/wp-json\/wp\/v2\/users\/1"}],"replies":[{"embeddable":true,"href":"https:\/\/soib.es\/es\/wp-json\/wp\/v2\/comments?post=2391"}],"version-history":[{"count":0,"href":"https:\/\/soib.es\/es\/wp-json\/wp\/v2\/pages\/2391\/revisions"}],"wp:attachment":[{"href":"https:\/\/soib.es\/es\/wp-json\/wp\/v2\/media?parent=2391"}],"curies":[{"name":"wp","href":"https:\/\/api.w.org\/{rel}","templated":true}]}}

Informe de ejecucion del Plan anual de evaluación de la calidad, impacto, eficacia y eficiencia del conjunto del subsistema de formación profesional para el empleo (SEPE)

<p>[et_pb_section fb_built=»1&#8243; background_color=»#f7f7f7&#8243; _builder_version=»3.0.99&#8243; custom_padding=»25px|0px|25px|0px»][et_pb_row _builder_version=»3.0.82&#8243;][et_pb_column type=»4_4&#8243; _builder_version=»3.0.82&#8243; parallax=»off» parallax_method=»on»][et_pb_text _builder_version=»3.0.99&#8243;]</p>
<h1><strong>Informe de Ejecucion del Plan Anual de Evaluación de la Calidad, Impacto, Eficacia y Eficiencia del Conjunto del Subsistema de Formación Profesional para el Empleo (SEPE)</strong></h1>
<p>[/et_pb_text][/et_pb_column][/et_pb_row][/et_pb_section][et_pb_section fb_built=»1&#8243; _builder_version=»3.0.47&#8243; custom_padding=»25px|0px|54px|0px»][et_pb_row _builder_version=»3.0.82&#8243;][et_pb_column type=»4_4&#8243; _builder_version=»3.0.82&#8243; parallax=»off» parallax_method=»on»][et_pb_text _builder_version=»3.0.99&#8243;]</p>
<p><span>Tal com especifica el </span><strong>RD 395/2007, de 23 de marzo, por el que se regula el subsistema de formación profesional para el empleo<span> </span></strong><span>el subsistema de formación profesional para el empleo, está integrado por el conjunto de instrumentos y acciones que tienen por objeto impulsar y extender entre las empresas y los trabajadores ocupados y desempleados una formación que responda a sus necesidades y contribuya al desarrollo de una economía basada en el conocimiento.</span></p>
<p><span>Este RD dedica el <strong>capítulo V a la calidad, evaluación, seguimiento y control de la formación</strong>, así en el arte. 36.2 especifica que las administraciones públicas competentes promoverán, en sus respectivos ámbitos, la mejora de la calidad de la formación profesional para el empleo, en cuanto a contenidos, duración, profesorado e instalaciones, así como medición de sus resultados . El arte. 37 se centra en <em>la Evaluación del subsistema de formación profesional para el empleo.</em>: Estableciendo que, en el marco del Sistema Nacional de Empleo, el Servicio Público de Empleo Estatal y los órganos competentes de las comunidades autónomas, deben evaluar el impacto de la formación realizada en el acceso y mantenimiento del empleo, y en la mejora de la competitividad de las empresas, la eficacia del sistema en cuanto al alcance de la formación y la adecuación de las acciones a las necesidades del mercado laboral y de las empresas, así como el eficiencia de los recursos económicos y medios utilizados.</span></p>
<p>Los SOIB participa en el grupo de trabajo para la elaboración del <strong><em>Plan anual de evaluación de la Calidad, Impacto, Eficacia y Eficiencia del conjunto de subsistema de formación profesional para el empleo</em></strong>. Actualmente el SEPE está elaborando el informe de evaluación correspondiente a los años 2012-2013</p>
<p>[/et_pb_text][/et_pb_column][/et_pb_row][et_pb_row _builder_version=»3.0.82&#8243;][et_pb_column type=»2_3&#8243; _builder_version=»3.0.82&#8243; parallax=»off» parallax_method=»on»][et_pb_blurb title=»Documentos» use_icon=»on» font_icon=»%%32%%» icon_color=»#e01f4e» icon_placement=»left» use_icon_font_size=»on» icon_font_size=»25px» _builder_version=»3.0.99&#8243;]</p>
<p><span style="text-decoration: underline;"><strong><a href="https://soib.es/wp-content/uploads/2017/12/2011-Informe-dexecucio-del-Pla-anual-davaluacio-de-la-qualitat-impacto-eficacia-i-eficiencia-del-conjunt-del-subsistema-de-formacio-profesional-per-a-locupacio.pdf">2011: Informe de ejecución del Plan anual de evaluación de la calidad, impacto, eficacia y eficiencia del conjunto de los subsistemas de formación profesional para el empleo</a></strong></span></p>
<p>[/et_pb_blurb][/et_pb_column][et_pb_column type=»1_3&#8243; _builder_version=»3.0.82&#8243; parallax=»off» parallax_method=»on»][/et_pb_column][/et_pb_row][/et_pb_section][et_pb_section fb_built=»1&#8243; background_color=»#df1f4f» disabled_on=»on|on|off» _builder_version=»3.0.82&#8243; custom_padding=»54px|0px|0px|0px»][et_pb_row custom_padding=»0px|0px|27px|0px» custom_css_main_2=»margin-left: -20%;» custom_css_main_3=»margin-left: 32px;» custom_css_main_4=»margin-left: 100px;» _builder_version=»3.0.82&#8243;][et_pb_column type=»1_4&#8243; _builder_version=»3.0.82&#8243; parallax=»off» parallax_method=»on»][et_pb_blurb url=»https://twitter.com/soibinfo?lang=es» use_icon=»on» font_icon=»%%292%%» icon_color=»#df1f4f» use_circle=»on» icon_placement=»left» use_icon_font_size=»on» _builder_version=»3.0.82&#8243; animation=»off»][/et_pb_blurb][/et_pb_column][et_pb_column type=»1_4&#8243; _builder_version=»3.0.82&#8243; parallax=»off» parallax_method=»on» custom_css_main=»margin-left: -20%;»][et_pb_blurb url=»https://www.facebook.com/SOIBINFO/» use_icon=»on» font_icon=»%%291%%» icon_color=»#df1f4f» use_circle=»on» icon_placement=»left» _builder_version=»3.0.82&#8243; animation=»off»][/et_pb_blurb][/et_pb_column][et_pb_column type=»1_4&#8243; _builder_version=»3.0.82&#8243; parallax=»off» parallax_method=»on» custom_css_main=»margin-left: 32px;»][et_pb_image src=»https://soib.es/wp-content/uploads/2017/10/ue3.gif» _builder_version=»3.0.99&#8243; module_alignment=»left»][/et_pb_image][/et_pb_column][et_pb_column type=»1_4&#8243; _builder_version=»3.0.82&#8243; parallax=»off» parallax_method=»on» custom_css_main=»margin-left: 100px;»][et_pb_text _builder_version=»3.0.82&#8243; custom_css_main_element=»width: 150%;»]</p>
<p style="color: #fff; text-align: right;">Servicio de Ocupación de las Islas Baleares (SOIB):</p>
<p style="color: #fff; text-align: right;">Camí vell de Bunyola, 43, 1º &#8211; Edificio rotonda Asima</p>
<p style="color: #fff; text-align: right;">Polígono de son Castelló &#8211; 07009 Palma</p>
<p style="color: #fff; text-align: right;">Teléfono <a style="color: #fff;" href="tel:+34971784991">971784991</a> &#8211; Fax 971784942</p>
<p>[/et_pb_text][/et_pb_column][/et_pb_row][/et_pb_section][et_pb_section fb_built=»1&#8243; background_color=»#df1f4f» disabled_on=»on|off|on» _builder_version=»3.0.82&#8243; custom_padding=»20px|0px|0px|0px»][et_pb_row custom_padding=»0px|0px|27px|0px» custom_css_main_2=»margin-left: -225px;» custom_css_main_3=»margin-left: 32px;» custom_css_main_4=»margin-left: 100px;» _builder_version=»3.0.82&#8243;][et_pb_column type=»4_4&#8243; _builder_version=»3.0.82&#8243; parallax=»off» parallax_method=»on»][et_pb_text _builder_version=»3.0.82&#8243; custom_css_main_element=»width: 150%;»]</p>
<p style="color: #fff">Servicio de Ocupación de las Islas Baleares (SOIB):</p>
<p style="color: #fff">Camí vell de Bunyola, 43, 1º &#8211; Edificio rotonda Asima</p>
<p style="color: #fff">Polígono de son Castelló &#8211; 07009 Palma</p>
<p style="color: #fff">Teléfono <a style="color: #fff;" href="tel:+34971784991">971784991</a> &#8211; Fax 971784942</p>
<p>[/et_pb_text][et_pb_image src=»https://soib.es/wp-content/uploads/2017/10/ue3.gif» _builder_version=»3.0.99&#8243; max_width=»50%» module_alignment=»center»][/et_pb_image][et_pb_blurb url=»https://twitter.com/soibinfo?lang=es» use_icon=»on» font_icon=»%%292%%» icon_color=»#df1f4f» use_circle=»on» icon_placement=»left» use_icon_font_size=»on» _builder_version=»3.0.82&#8243; animation=»off» custom_css_main_element=»float: right;»][/et_pb_blurb][et_pb_blurb url=»https://www.facebook.com/SOIBINFO/» use_icon=»on» font_icon=»%%291%%» icon_color=»#df1f4f» use_circle=»on» icon_placement=»left» _builder_version=»3.0.82&#8243; animation=»off»][/et_pb_blurb][/et_pb_column][/et_pb_row][/et_pb_section][et_pb_section fb_built=»1&#8243; background_color=»#df1f4f» disabled_on=»off|on|on» _builder_version=»3.0.82&#8243;][et_pb_row custom_padding=»15px|0px|0px|0px» _builder_version=»3.0.82&#8243;][et_pb_column type=»4_4&#8243; _builder_version=»3.0.82&#8243; parallax=»off» parallax_method=»on»][et_pb_text _builder_version=»3.0.82&#8243;]</p>
<p style="color: #fff;">Servicio de Ocupación de las Islas Baleares (SOIB):</p>
<p style="color: #fff;">Camí Vell de Bunyola, 43, 1ª &#8211; edificio rotonda Asima</p>
<p style="color: #fff;">Polígono de son Castelló &#8211; 07009 Palma</p>
<p style="color: #fff;">Teléfono 971784991 &#8211; Fax 971784942</p>
<p>[/et_pb_text][/et_pb_column][/et_pb_row][et_pb_row custom_padding=»15px|0px|0px|0px» _builder_version=»3.0.82&#8243;][et_pb_column type=»4_4&#8243; _builder_version=»3.0.82&#8243; parallax=»off» parallax_method=»on»][et_pb_image src=»https://soib.es/wp-content/uploads/2017/10/ue3.gif» _builder_version=»3.0.99&#8243; max_width=»50%»][/et_pb_image][/et_pb_column][/et_pb_row][et_pb_row custom_padding=»0px|0px|0px|0px» _builder_version=»3.0.82&#8243;][et_pb_column type=»4_4&#8243; _builder_version=»3.0.82&#8243; parallax=»off» parallax_method=»on»][et_pb_blurb url=»https://www.facebook.com/SOIBINFO/» use_icon=»on» font_icon=»%%291%%» icon_color=»#df1f4f» use_circle=»on» icon_placement=»left» _builder_version=»3.0.82&#8243; animation=»off»][/et_pb_blurb][et_pb_blurb url=»https://twitter.com/soibinfo?lang=es» use_icon=»on» font_icon=»%%292%%» icon_color=»#df1f4f» use_circle=»on» icon_placement=»left» _builder_version=»3.0.82&#8243; animation=»off»][/et_pb_blurb][/et_pb_column][/et_pb_row][/et_pb_section]</p>

<p>Informe de Ejecucion del Plan Anual de Evaluación de la Calidad, Impacto, Eficacia y Eficiencia del Conjunto del Subsistema de Formación Profesional para el Empleo (SEPE)Tal com especifica el RD 395/2007, de 23 de marzo, por el que se regula el subsistema de formación profesional para el empleo el subsistema de formación profesional para el empleo, está [&hellip;]</p>
