{"id":2266,"date":"2018-01-18T09:35:12","date_gmt":"2018-01-18T08:35:12","guid":{"rendered":"https:\/\/soib.es\/certificados-de-profesionalidad\/"},"modified":"2018-06-11T14:26:47","modified_gmt":"2018-06-11T12:26:47","slug":"certificados-de-profesionalidad","status":"publish","type":"page","link":"https:\/\/soib.es\/es\/certificados-de-profesionalidad\/","title":{"rendered":"Certificados de profesionalidad"},"content":{"rendered":"<p>[et_pb_section fb_built=\u00bb1&#8243; background_color=\u00bb#f7f7f7&#8243; _builder_version=\u00bb3.0.99&#8243; custom_padding=\u00bb25px|0px|25px|0px\u00bb][et_pb_row _builder_version=\u00bb3.0.82&#8243;][et_pb_column type=\u00bb4_4&#8243; _builder_version=\u00bb3.0.82&#8243; parallax=\u00bboff\u00bb parallax_method=\u00bbon\u00bb][et_pb_text _builder_version=\u00bb3.0.99&#8243;]<\/p>\n<h1><span><strong>Certificados de Profesionalidad<\/strong><\/span><\/h1>\n<p>[\/et_pb_text][\/et_pb_column][\/et_pb_row][\/et_pb_section][et_pb_section fb_built=\u00bb1&#8243; _builder_version=\u00bb3.0.82&#8243; custom_padding=\u00bb20px|0px|54px|0px\u00bb][et_pb_row _builder_version=\u00bb3.0.82&#8243;][et_pb_column type=\u00bb4_4&#8243; _builder_version=\u00bb3.0.82&#8243; parallax=\u00bboff\u00bb parallax_method=\u00bbon\u00bb][et_pb_text _builder_version=\u00bb3.0.82&#8243;]El certificado de profesionalidad es la herramienta de acreditaci\u00f3n oficial de una calificaci\u00f3n. es decir, es un documento que expide la administraci\u00f3n laboral y que acredita, de forma oficial, un trabajador en una cualificaci\u00f3n profesional.<\/p>\n<p>Cada certificado de profesionalidad est\u00e1 configurado para una o m\u00e1s unidades de competencia. La unidad de competencia constituye la unidad m\u00ednima acreditable y acumulable para obtener un certificado de profesionalidad. Adem\u00e1s todos los certificados de profesionalidad tienen un m\u00f3dulo de pr\u00e1cticas profesionales no laborales que se desarrolla en un centro de trabajo.<\/p>\n<p>El certificado de profesionalidad tiene menos unidades de competencia y una duraci\u00f3n inferior a la del t\u00edtulo de formaci\u00f3n profesional. Tener un certificado de profesionalidad supone poder acreditar de forma oficial y en el \u00e1mbito estatal unas competencias que facilitar\u00e1n la inserci\u00f3n laboral del trabajador. Adem\u00e1s, hay que tener en cuenta que tendr\u00e1n los efectos que correspondan seg\u00fan la normativa de la Uni\u00f3n Europea relativa al sistema general de reconocimiento de la formaci\u00f3n profesional en los Estados miembros de la Uni\u00f3n y el resto de Estados signatarios del Acuerdo sobre el Espacio Econ\u00f3mico Europeo.<\/p>\n<p>Una vez se establezca la relaci\u00f3n entre el marco estatal de calificaciones y el marco europeo de cualificaciones se determinar\u00e1 el nivel correspondiente de los certificados de profesionalidad, de acuerdo con la Recomendaci\u00f3n del Parlamento Europeo y del Consejo, de 23 de abril de 2008, relativa a la creaci\u00f3n del Marco Europeo de Cualificaciones para el aprendizaje permanente.<\/p>\n<p>Los certificados de profesionalidad est\u00e1n regulados por Real Decreto.[\/et_pb_text][\/et_pb_column][\/et_pb_row][et_pb_row _builder_version=\u00bb3.0.82&#8243;][et_pb_column type=\u00bb1_2&#8243; _builder_version=\u00bb3.0.82&#8243; parallax=\u00bboff\u00bb parallax_method=\u00bbon\u00bb][et_pb_text _builder_version=\u00bb3.0.99&#8243;]<\/p>\n<h5 style=\"text-align: left;\" align=\"center\"><strong>Ventajas de disponer de un certificado de profesionalidad<\/strong><\/h5>\n<ul>\n<li>Reconocen y acreditan las cualificaciones profesionales de las personas, independientemente de como las hagan conseguido.<\/li>\n<li>Sirven para demostrar que las personas trabajadoras, en el momento de adoptar un lugar de trabajo, tienen la cualificaci\u00f3n determinada que se exige.<\/li>\n<li>Permiten la adquisici\u00f3n de acreditaciones oficiales de forma gradual, y se evita sobre manera el abandonamiento de las acciones formativas iniciadas.<\/li>\n<li>Posibilitan la movilidad laboral en todo el territorio espa\u00f1ol, ya que las cualificaciones reconocidas tienen validez en todo el Estado.<\/li>\n<li>As\u00ed mismo, ayuda a la movilidad laboral dentro el \u00e1mbito Europeo.<\/li>\n<li>Permiten la convalidaci\u00f3n parcial con los estudios de la formaci\u00f3n profesional del sistema educativo.<\/li>\n<\/ul>\n<p>[\/et_pb_text][\/et_pb_column][et_pb_column type=\u00bb1_2&#8243; _builder_version=\u00bb3.0.82&#8243; parallax=\u00bboff\u00bb parallax_method=\u00bbon\u00bb][\/et_pb_column][\/et_pb_row][\/et_pb_section][et_pb_section fb_built=\u00bb1&#8243; background_color=\u00bb#df1f4f\u00bb disabled_on=\u00bbon|on|off\u00bb _builder_version=\u00bb3.0.82&#8243; custom_padding=\u00bb54px|0px|0px|0px\u00bb][et_pb_row custom_padding=\u00bb0px|0px|27px|0px\u00bb custom_css_main_2=\u00bbmargin-left: -20%;\u00bb custom_css_main_3=\u00bbmargin-left: 32px;\u00bb custom_css_main_4=\u00bbmargin-left: 100px;\u00bb _builder_version=\u00bb3.0.82&#8243;][et_pb_column type=\u00bb1_4&#8243; _builder_version=\u00bb3.0.82&#8243; parallax=\u00bboff\u00bb parallax_method=\u00bbon\u00bb][et_pb_blurb url=\u00bbhttps:\/\/twitter.com\/soibinfo?lang=es\u00bb use_icon=\u00bbon\u00bb font_icon=\u00bb%%292%%\u00bb icon_color=\u00bb#df1f4f\u00bb use_circle=\u00bbon\u00bb icon_placement=\u00bbleft\u00bb use_icon_font_size=\u00bbon\u00bb _builder_version=\u00bb3.0.82&#8243; animation=\u00bboff\u00bb][\/et_pb_blurb][\/et_pb_column][et_pb_column type=\u00bb1_4&#8243; _builder_version=\u00bb3.0.82&#8243; parallax=\u00bboff\u00bb parallax_method=\u00bbon\u00bb custom_css_main=\u00bbmargin-left: -20%;\u00bb][et_pb_blurb url=\u00bbhttps:\/\/www.facebook.com\/SOIBINFO\/\u00bb use_icon=\u00bbon\u00bb font_icon=\u00bb%%291%%\u00bb icon_color=\u00bb#df1f4f\u00bb use_circle=\u00bbon\u00bb icon_placement=\u00bbleft\u00bb _builder_version=\u00bb3.0.82&#8243; animation=\u00bboff\u00bb][\/et_pb_blurb][\/et_pb_column][et_pb_column type=\u00bb1_4&#8243; _builder_version=\u00bb3.0.82&#8243; parallax=\u00bboff\u00bb parallax_method=\u00bbon\u00bb custom_css_main=\u00bbmargin-left: 32px;\u00bb][et_pb_image src=\u00bbhttps:\/\/soib.es\/wp-content\/uploads\/2017\/10\/ue3.gif\u00bb _builder_version=\u00bb3.0.99&#8243; module_alignment=\u00bbleft\u00bb][\/et_pb_image][\/et_pb_column][et_pb_column type=\u00bb1_4&#8243; _builder_version=\u00bb3.0.82&#8243; parallax=\u00bboff\u00bb parallax_method=\u00bbon\u00bb custom_css_main=\u00bbmargin-left: 100px;\u00bb][et_pb_text _builder_version=\u00bb3.0.82&#8243; custom_css_main_element=\u00bbwidth: 150%;\u00bb]<\/p>\n<p style=\"color: #fff; text-align: right;\">Servicio de Ocupaci\u00f3n de las Islas Baleares (SOIB):<\/p>\n<p style=\"color: #fff; text-align: right;\">Cam\u00ed vell de Bunyola, 43, 1\u00ba &#8211; Edificio rotonda Asima<\/p>\n<p style=\"color: #fff; text-align: right;\">Pol\u00edgono de son Castell\u00f3 &#8211; 07009 Palma<\/p>\n<p style=\"color: #fff; text-align: right;\">Tel\u00e9fono <a style=\"color: #fff;\" href=\"tel:+34971784991\">971784991<\/a> &#8211; Fax 971784942<\/p>\n<p>[\/et_pb_text][\/et_pb_column][\/et_pb_row][\/et_pb_section][et_pb_section fb_built=\u00bb1&#8243; background_color=\u00bb#df1f4f\u00bb disabled_on=\u00bbon|off|on\u00bb _builder_version=\u00bb3.0.82&#8243; custom_padding=\u00bb20px|0px|0px|0px\u00bb][et_pb_row custom_padding=\u00bb0px|0px|27px|0px\u00bb custom_css_main_2=\u00bbmargin-left: -225px;\u00bb custom_css_main_3=\u00bbmargin-left: 32px;\u00bb custom_css_main_4=\u00bbmargin-left: 100px;\u00bb _builder_version=\u00bb3.0.82&#8243;][et_pb_column type=\u00bb4_4&#8243; _builder_version=\u00bb3.0.82&#8243; parallax=\u00bboff\u00bb parallax_method=\u00bbon\u00bb][et_pb_text _builder_version=\u00bb3.0.82&#8243; custom_css_main_element=\u00bbwidth: 150%;\u00bb]<\/p>\n<p style=\"color: #fff\">Servicio de Ocupaci\u00f3n de las Islas Baleares (SOIB):<\/p>\n<p style=\"color: #fff\">Cam\u00ed vell de Bunyola, 43, 1\u00ba &#8211; Edificio rotonda Asima<\/p>\n<p style=\"color: #fff\">Pol\u00edgono de son Castell\u00f3 &#8211; 07009 Palma<\/p>\n<p style=\"color: #fff\">Tel\u00e9fono <a style=\"color: #fff;\" href=\"tel:+34971784991\">971784991<\/a> &#8211; Fax 971784942<\/p>\n<p>[\/et_pb_text][et_pb_image src=\u00bbhttps:\/\/soib.es\/wp-content\/uploads\/2017\/10\/ue3.gif\u00bb _builder_version=\u00bb3.0.99&#8243; max_width=\u00bb50%\u00bb module_alignment=\u00bbcenter\u00bb][\/et_pb_image][et_pb_blurb url=\u00bbhttps:\/\/twitter.com\/soibinfo?lang=es\u00bb use_icon=\u00bbon\u00bb font_icon=\u00bb%%292%%\u00bb icon_color=\u00bb#df1f4f\u00bb use_circle=\u00bbon\u00bb icon_placement=\u00bbleft\u00bb use_icon_font_size=\u00bbon\u00bb _builder_version=\u00bb3.0.82&#8243; animation=\u00bboff\u00bb custom_css_main_element=\u00bbfloat: right;\u00bb][\/et_pb_blurb][et_pb_blurb url=\u00bbhttps:\/\/www.facebook.com\/SOIBINFO\/\u00bb use_icon=\u00bbon\u00bb font_icon=\u00bb%%291%%\u00bb icon_color=\u00bb#df1f4f\u00bb use_circle=\u00bbon\u00bb icon_placement=\u00bbleft\u00bb _builder_version=\u00bb3.0.82&#8243; animation=\u00bboff\u00bb][\/et_pb_blurb][\/et_pb_column][\/et_pb_row][\/et_pb_section][et_pb_section fb_built=\u00bb1&#8243; background_color=\u00bb#df1f4f\u00bb disabled_on=\u00bboff|on|on\u00bb _builder_version=\u00bb3.0.82&#8243;][et_pb_row custom_padding=\u00bb15px|0px|0px|0px\u00bb _builder_version=\u00bb3.0.82&#8243;][et_pb_column type=\u00bb4_4&#8243; _builder_version=\u00bb3.0.82&#8243; parallax=\u00bboff\u00bb parallax_method=\u00bbon\u00bb][et_pb_text _builder_version=\u00bb3.0.82&#8243;]<\/p>\n<p style=\"color: #fff;\">Servicio de Ocupaci\u00f3n de las Islas Baleares (SOIB):<\/p>\n<p style=\"color: #fff;\">Cam\u00ed Vell de Bunyola, 43, 1\u00aa &#8211; edificio rotonda Asima<\/p>\n<p style=\"color: #fff;\">Pol\u00edgono de son Castell\u00f3 &#8211; 07009 Palma<\/p>\n<p style=\"color: #fff;\">Tel\u00e9fono 971784991 &#8211; Fax 971784942<\/p>\n<p>[\/et_pb_text][\/et_pb_column][\/et_pb_row][et_pb_row custom_padding=\u00bb15px|0px|0px|0px\u00bb _builder_version=\u00bb3.0.82&#8243;][et_pb_column type=\u00bb4_4&#8243; _builder_version=\u00bb3.0.82&#8243; parallax=\u00bboff\u00bb parallax_method=\u00bbon\u00bb][et_pb_image src=\u00bbhttps:\/\/soib.es\/wp-content\/uploads\/2017\/10\/ue3.gif\u00bb _builder_version=\u00bb3.0.99&#8243; max_width=\u00bb50%\u00bb][\/et_pb_image][\/et_pb_column][\/et_pb_row][et_pb_row custom_padding=\u00bb0px|0px|0px|0px\u00bb _builder_version=\u00bb3.0.82&#8243;][et_pb_column type=\u00bb4_4&#8243; _builder_version=\u00bb3.0.82&#8243; parallax=\u00bboff\u00bb parallax_method=\u00bbon\u00bb][et_pb_blurb url=\u00bbhttps:\/\/www.facebook.com\/SOIBINFO\/\u00bb use_icon=\u00bbon\u00bb font_icon=\u00bb%%291%%\u00bb icon_color=\u00bb#df1f4f\u00bb use_circle=\u00bbon\u00bb icon_placement=\u00bbleft\u00bb _builder_version=\u00bb3.0.82&#8243; animation=\u00bboff\u00bb][\/et_pb_blurb][et_pb_blurb url=\u00bbhttps:\/\/twitter.com\/soibinfo?lang=es\u00bb use_icon=\u00bbon\u00bb font_icon=\u00bb%%292%%\u00bb icon_color=\u00bb#df1f4f\u00bb use_circle=\u00bbon\u00bb icon_placement=\u00bbleft\u00bb _builder_version=\u00bb3.0.82&#8243; animation=\u00bboff\u00bb][\/et_pb_blurb][\/et_pb_column][\/et_pb_row][\/et_pb_section]<\/p>\n","protected":false},"excerpt":{"rendered":"<p>Certificados de ProfesionalidadEl certificado de profesionalidad es la herramienta de acreditaci\u00f3n oficial de una calificaci\u00f3n. es decir, es un documento que expide la administraci\u00f3n laboral y que acredita, de forma oficial, un trabajador en una cualificaci\u00f3n profesional. Cada certificado de profesionalidad est\u00e1 configurado para una o m\u00e1s unidades de competencia. La unidad de competencia constituye [&hellip;]<\/p>\n","protected":false},"author":1,"featured_media":0,"parent":0,"menu_order":0,"comment_status":"closed","ping_status":"closed","template":"","meta":{"_et_pb_use_builder":"on","_et_pb_old_content":"","_et_gb_content_width":"","footnotes":"","_links_to":"","_links_to_target":""},"class_list":["post-2266","page","type-page","status-publish","hentry"],"publishpress_future_action":{"enabled":false,"date":"2026-05-09 11:04:46","action":"change-status","newStatus":"draft","terms":[],"taxonomy":"translation_priority","extraData":[]},"publishpress_future_workflow_manual_trigger":{"enabledWorkflows":[]},"_links":{"self":[{"href":"https:\/\/soib.es\/es\/wp-json\/wp\/v2\/pages\/2266","targetHints":{"allow":["GET"]}}],"collection":[{"href":"https:\/\/soib.es\/es\/wp-json\/wp\/v2\/pages"}],"about":[{"href":"https:\/\/soib.es\/es\/wp-json\/wp\/v2\/types\/page"}],"author":[{"embeddable":true,"href":"https:\/\/soib.es\/es\/wp-json\/wp\/v2\/users\/1"}],"replies":[{"embeddable":true,"href":"https:\/\/soib.es\/es\/wp-json\/wp\/v2\/comments?post=2266"}],"version-history":[{"count":0,"href":"https:\/\/soib.es\/es\/wp-json\/wp\/v2\/pages\/2266\/revisions"}],"wp:attachment":[{"href":"https:\/\/soib.es\/es\/wp-json\/wp\/v2\/media?parent=2266"}],"curies":[{"name":"wp","href":"https:\/\/api.w.org\/{rel}","templated":true}]}}

<p>[et_pb_section fb_built=»1&#8243; background_color=»#f7f7f7&#8243; _builder_version=»3.0.99&#8243; custom_padding=»25px|0px|25px|0px»][et_pb_row _builder_version=»3.0.82&#8243;][et_pb_column type=»4_4&#8243; _builder_version=»3.0.82&#8243; parallax=»off» parallax_method=»on»][et_pb_text _builder_version=»3.0.99&#8243;]</p>
<h1><span><strong>Certificados de Profesionalidad</strong></span></h1>
<p>[/et_pb_text][/et_pb_column][/et_pb_row][/et_pb_section][et_pb_section fb_built=»1&#8243; _builder_version=»3.0.82&#8243; custom_padding=»20px|0px|54px|0px»][et_pb_row _builder_version=»3.0.82&#8243;][et_pb_column type=»4_4&#8243; _builder_version=»3.0.82&#8243; parallax=»off» parallax_method=»on»][et_pb_text _builder_version=»3.0.82&#8243;]El certificado de profesionalidad es la herramienta de acreditación oficial de una calificación. es decir, es un documento que expide la administración laboral y que acredita, de forma oficial, un trabajador en una cualificación profesional.</p>
<p>Cada certificado de profesionalidad está configurado para una o más unidades de competencia. La unidad de competencia constituye la unidad mínima acreditable y acumulable para obtener un certificado de profesionalidad. Además todos los certificados de profesionalidad tienen un módulo de prácticas profesionales no laborales que se desarrolla en un centro de trabajo.</p>
<p>El certificado de profesionalidad tiene menos unidades de competencia y una duración inferior a la del título de formación profesional. Tener un certificado de profesionalidad supone poder acreditar de forma oficial y en el ámbito estatal unas competencias que facilitarán la inserción laboral del trabajador. Además, hay que tener en cuenta que tendrán los efectos que correspondan según la normativa de la Unión Europea relativa al sistema general de reconocimiento de la formación profesional en los Estados miembros de la Unión y el resto de Estados signatarios del Acuerdo sobre el Espacio Económico Europeo.</p>
<p>Una vez se establezca la relación entre el marco estatal de calificaciones y el marco europeo de cualificaciones se determinará el nivel correspondiente de los certificados de profesionalidad, de acuerdo con la Recomendación del Parlamento Europeo y del Consejo, de 23 de abril de 2008, relativa a la creación del Marco Europeo de Cualificaciones para el aprendizaje permanente.</p>
<p>Los certificados de profesionalidad están regulados por Real Decreto.[/et_pb_text][/et_pb_column][/et_pb_row][et_pb_row _builder_version=»3.0.82&#8243;][et_pb_column type=»1_2&#8243; _builder_version=»3.0.82&#8243; parallax=»off» parallax_method=»on»][et_pb_text _builder_version=»3.0.99&#8243;]</p>
<h5 style="text-align: left;" align="center"><strong>Ventajas de disponer de un certificado de profesionalidad</strong></h5>
<ul>
<li>Reconocen y acreditan las cualificaciones profesionales de las personas, independientemente de como las hagan conseguido.</li>
<li>Sirven para demostrar que las personas trabajadoras, en el momento de adoptar un lugar de trabajo, tienen la cualificación determinada que se exige.</li>
<li>Permiten la adquisición de acreditaciones oficiales de forma gradual, y se evita sobre manera el abandonamiento de las acciones formativas iniciadas.</li>
<li>Posibilitan la movilidad laboral en todo el territorio español, ya que las cualificaciones reconocidas tienen validez en todo el Estado.</li>
<li>Así mismo, ayuda a la movilidad laboral dentro el ámbito Europeo.</li>
<li>Permiten la convalidación parcial con los estudios de la formación profesional del sistema educativo.</li>
</ul>
<p>[/et_pb_text][/et_pb_column][et_pb_column type=»1_2&#8243; _builder_version=»3.0.82&#8243; parallax=»off» parallax_method=»on»][/et_pb_column][/et_pb_row][/et_pb_section][et_pb_section fb_built=»1&#8243; background_color=»#df1f4f» disabled_on=»on|on|off» _builder_version=»3.0.82&#8243; custom_padding=»54px|0px|0px|0px»][et_pb_row custom_padding=»0px|0px|27px|0px» custom_css_main_2=»margin-left: -20%;» custom_css_main_3=»margin-left: 32px;» custom_css_main_4=»margin-left: 100px;» _builder_version=»3.0.82&#8243;][et_pb_column type=»1_4&#8243; _builder_version=»3.0.82&#8243; parallax=»off» parallax_method=»on»][et_pb_blurb url=»https://twitter.com/soibinfo?lang=es» use_icon=»on» font_icon=»%%292%%» icon_color=»#df1f4f» use_circle=»on» icon_placement=»left» use_icon_font_size=»on» _builder_version=»3.0.82&#8243; animation=»off»][/et_pb_blurb][/et_pb_column][et_pb_column type=»1_4&#8243; _builder_version=»3.0.82&#8243; parallax=»off» parallax_method=»on» custom_css_main=»margin-left: -20%;»][et_pb_blurb url=»https://www.facebook.com/SOIBINFO/» use_icon=»on» font_icon=»%%291%%» icon_color=»#df1f4f» use_circle=»on» icon_placement=»left» _builder_version=»3.0.82&#8243; animation=»off»][/et_pb_blurb][/et_pb_column][et_pb_column type=»1_4&#8243; _builder_version=»3.0.82&#8243; parallax=»off» parallax_method=»on» custom_css_main=»margin-left: 32px;»][et_pb_image src=»https://soib.es/wp-content/uploads/2017/10/ue3.gif» _builder_version=»3.0.99&#8243; module_alignment=»left»][/et_pb_image][/et_pb_column][et_pb_column type=»1_4&#8243; _builder_version=»3.0.82&#8243; parallax=»off» parallax_method=»on» custom_css_main=»margin-left: 100px;»][et_pb_text _builder_version=»3.0.82&#8243; custom_css_main_element=»width: 150%;»]</p>
<p style="color: #fff; text-align: right;">Servicio de Ocupación de las Islas Baleares (SOIB):</p>
<p style="color: #fff; text-align: right;">Camí vell de Bunyola, 43, 1º &#8211; Edificio rotonda Asima</p>
<p style="color: #fff; text-align: right;">Polígono de son Castelló &#8211; 07009 Palma</p>
<p style="color: #fff; text-align: right;">Teléfono <a style="color: #fff;" href="tel:+34971784991">971784991</a> &#8211; Fax 971784942</p>
<p>[/et_pb_text][/et_pb_column][/et_pb_row][/et_pb_section][et_pb_section fb_built=»1&#8243; background_color=»#df1f4f» disabled_on=»on|off|on» _builder_version=»3.0.82&#8243; custom_padding=»20px|0px|0px|0px»][et_pb_row custom_padding=»0px|0px|27px|0px» custom_css_main_2=»margin-left: -225px;» custom_css_main_3=»margin-left: 32px;» custom_css_main_4=»margin-left: 100px;» _builder_version=»3.0.82&#8243;][et_pb_column type=»4_4&#8243; _builder_version=»3.0.82&#8243; parallax=»off» parallax_method=»on»][et_pb_text _builder_version=»3.0.82&#8243; custom_css_main_element=»width: 150%;»]</p>
<p style="color: #fff">Servicio de Ocupación de las Islas Baleares (SOIB):</p>
<p style="color: #fff">Camí vell de Bunyola, 43, 1º &#8211; Edificio rotonda Asima</p>
<p style="color: #fff">Polígono de son Castelló &#8211; 07009 Palma</p>
<p style="color: #fff">Teléfono <a style="color: #fff;" href="tel:+34971784991">971784991</a> &#8211; Fax 971784942</p>
<p>[/et_pb_text][et_pb_image src=»https://soib.es/wp-content/uploads/2017/10/ue3.gif» _builder_version=»3.0.99&#8243; max_width=»50%» module_alignment=»center»][/et_pb_image][et_pb_blurb url=»https://twitter.com/soibinfo?lang=es» use_icon=»on» font_icon=»%%292%%» icon_color=»#df1f4f» use_circle=»on» icon_placement=»left» use_icon_font_size=»on» _builder_version=»3.0.82&#8243; animation=»off» custom_css_main_element=»float: right;»][/et_pb_blurb][et_pb_blurb url=»https://www.facebook.com/SOIBINFO/» use_icon=»on» font_icon=»%%291%%» icon_color=»#df1f4f» use_circle=»on» icon_placement=»left» _builder_version=»3.0.82&#8243; animation=»off»][/et_pb_blurb][/et_pb_column][/et_pb_row][/et_pb_section][et_pb_section fb_built=»1&#8243; background_color=»#df1f4f» disabled_on=»off|on|on» _builder_version=»3.0.82&#8243;][et_pb_row custom_padding=»15px|0px|0px|0px» _builder_version=»3.0.82&#8243;][et_pb_column type=»4_4&#8243; _builder_version=»3.0.82&#8243; parallax=»off» parallax_method=»on»][et_pb_text _builder_version=»3.0.82&#8243;]</p>
<p style="color: #fff;">Servicio de Ocupación de las Islas Baleares (SOIB):</p>
<p style="color: #fff;">Camí Vell de Bunyola, 43, 1ª &#8211; edificio rotonda Asima</p>
<p style="color: #fff;">Polígono de son Castelló &#8211; 07009 Palma</p>
<p style="color: #fff;">Teléfono 971784991 &#8211; Fax 971784942</p>
<p>[/et_pb_text][/et_pb_column][/et_pb_row][et_pb_row custom_padding=»15px|0px|0px|0px» _builder_version=»3.0.82&#8243;][et_pb_column type=»4_4&#8243; _builder_version=»3.0.82&#8243; parallax=»off» parallax_method=»on»][et_pb_image src=»https://soib.es/wp-content/uploads/2017/10/ue3.gif» _builder_version=»3.0.99&#8243; max_width=»50%»][/et_pb_image][/et_pb_column][/et_pb_row][et_pb_row custom_padding=»0px|0px|0px|0px» _builder_version=»3.0.82&#8243;][et_pb_column type=»4_4&#8243; _builder_version=»3.0.82&#8243; parallax=»off» parallax_method=»on»][et_pb_blurb url=»https://www.facebook.com/SOIBINFO/» use_icon=»on» font_icon=»%%291%%» icon_color=»#df1f4f» use_circle=»on» icon_placement=»left» _builder_version=»3.0.82&#8243; animation=»off»][/et_pb_blurb][et_pb_blurb url=»https://twitter.com/soibinfo?lang=es» use_icon=»on» font_icon=»%%292%%» icon_color=»#df1f4f» use_circle=»on» icon_placement=»left» _builder_version=»3.0.82&#8243; animation=»off»][/et_pb_blurb][/et_pb_column][/et_pb_row][/et_pb_section]</p>

<p>Certificados de ProfesionalidadEl certificado de profesionalidad es la herramienta de acreditación oficial de una calificación. es decir, es un documento que expide la administración laboral y que acredita, de forma oficial, un trabajador en una cualificación profesional. Cada certificado de profesionalidad está configurado para una o más unidades de competencia. La unidad de competencia constituye [&hellip;]</p>
